{"id":107,"date":"2018-07-03T16:00:54","date_gmt":"2018-07-03T14:00:54","guid":{"rendered":"http:\/\/magrittel.cluster014.ovh.net\/magrittemuseum.be\/?page_id=107"},"modified":"2026-04-12T15:40:28","modified_gmt":"2026-04-12T13:40:28","slug":"scolaire","status":"publish","type":"page","link":"https:\/\/www.magrittemuseum.be\/index.php\/fr\/visite\/visites-guidees\/scolaire\/","title":{"rendered":"Scolaire"},"content":{"rendered":"\n<p><\/p>\n\n\n\n<div class=\"wp-block-media-text alignwide is-stacked-on-mobile is-vertically-aligned-top\"><figure class=\"wp-block-media-text__media\"><img loading=\"lazy\" decoding=\"async\" width=\"720\" height=\"441\" src=\"https:\/\/www.magrittemuseum.be\/wp-content\/uploads\/2026\/04\/IMG_1800-1.jpg\" alt=\"\" class=\"wp-image-6227 size-full\" srcset=\"https:\/\/www.magrittemuseum.be\/wp-content\/uploads\/2026\/04\/IMG_1800-1.jpg 720w, https:\/\/www.magrittemuseum.be\/wp-content\/uploads\/2026\/04\/IMG_1800-1-300x184.jpg 300w\" sizes=\"(max-width: 720px) 100vw, 720px\" \/><\/figure><div class=\"wp-block-media-text__content\">\n<p><em><strong>O\u00f9 habitait le c\u00e9l\u00e8bre surr\u00e9aliste belge? \u00c0 quoi ressemblait son appartement ? O\u00f9 peignait-il ? Et pourquoi retrouve-t-on autan d&rsquo;\u00e9l\u00e9ments de son int\u00e9rieur dans ses toiles ?\u00a0<\/strong><\/em><\/p>\n\n\n\n<p>Au mus\u00e9e Ren\u00e9 Magritte les \u00e9l\u00e8ve d\u00e9couvrent la vie quotidienne du peintre et se sensibilisent \u00e0 ce que les surr\u00e9alistes appelaient <em>la po\u00e9sie au quotidien.<\/em><\/p>\n\n\n\n<p>Les visites peuvent \u00eatre taill\u00e9es sur mesure selon le projet p\u00e9dagogique des professeurs.<br><br>Nous vous conseillons d&rsquo;avoir introduit Magritte en classe (sa vie, ses oeuvres connues) afin de pouvoir approfondir la mati\u00e8re.<\/p>\n<\/div><\/div>\n\n\n\n<p><\/p>\n\n\n\n<div class=\"wp-block-buttons is-content-justification-center is-layout-flex wp-container-core-buttons-is-layout-1 wp-block-buttons-is-layout-flex\">\n<div class=\"wp-block-button\"><a class=\"wp-block-button__link has-text-align-center wp-element-button\" href=\"#visites-primaires\" style=\"border-radius:5px\">Visites \u00e9coles primaires<\/a><\/div>\n\n\n\n<div class=\"wp-block-button\"><a class=\"wp-block-button__link has-text-align-center wp-element-button\" href=\"#visites-secondaires\" style=\"border-radius:5px\">Visites \u00e9coles secondaires<\/a><\/div>\n\n\n\n<div class=\"wp-block-button\"><a class=\"wp-block-button__link wp-element-button\" href=\"#infos-pratiques\" style=\"border-radius:5px\">Informations pratiques<\/a><\/div>\n<\/div>\n\n\n\n<p><\/p>\n\n\n\n<h2 class=\"wp-block-heading\" id=\"visites-primaires\">Visites \u00e9coles primaires <\/h2>\n\n\n\n<p>Pour des raisons de conservation mais aussi pour laisser \u00e0 chacun l\u2019occasion de pouvoir s\u2019exprimer, la classe est divis\u00e9e en deux petits groupes que nous vous invitons \u00e0 \u00e9tablir au pr\u00e9alable.<\/p>\n\n\n\n<p>Durant la premi\u00e8re partie de la visite, les \u00e9l\u00e8ves apprendront qui \u00e9tait Magritte, les grandes lignes de sa vie et de son \u0153uvre. Ils d\u00e9couvriront ensuite l\u2019appartement dans lequel il a v\u00e9cu pendant plus de 20 ans et dresseront des parall\u00e8les avec leur propre quotidien.\u00a0<\/p>\n\n\n\n<p>Durant la seconde partie, les \u00e9l\u00e8ves seront invit\u00e9s \u00e0 apprendre \u00e0 lire un tableau et \u00e0 y d\u00e9celer les \u00e9l\u00e9ments surr\u00e9alistes. Ce sera ensuite \u00e0 leur tour de faire appel \u00e0 leur cr\u00e9ativit\u00e9 et \u00e0 leur imagination afin de cr\u00e9er des nouvelles id\u00e9es surr\u00e9alistes.\u00a0<\/p>\n\n\n\n<hr class=\"wp-block-separator has-alpha-channel-opacity\"\/>\n\n\n\n<h2 class=\"wp-block-heading\" id=\"visites-secondaires\">Visites \u00e9coles secondaires<\/h2>\n\n\n\n<p>Pour des raisons de conservation mais aussi pour  laisser \u00e0 chacun l\u2019occasion de pouvoir s\u2019exprimer, la classe est divis\u00e9e en deux petits groupes que nous vous invitons \u00e0 \u00e9tablir au pr\u00e9alable.<\/p>\n\n\n\n<p>Durant la premi\u00e8re partie, les \u00e9l\u00e8ves visiteront l\u2019appartement que Magritte a occup\u00e9 pendant 24 ans. Ils seront amen\u00e9s \u00e0 explorer les id\u00e9es re\u00e7ues qui gravitent autour de l\u2019univers de Magritte et \u00e0 les confronter \u00e0 la r\u00e9alit\u00e9 du quotidien du peintre surr\u00e9aliste. Nous ferons ensuite appel \u00e0 leur propre imagination en les invitant \u00e0 tester diff\u00e9rentes m\u00e9thodes surr\u00e9alistes que Magritte a explor\u00e9 tout au long de sa carri\u00e8re.&nbsp;<\/p>\n\n\n\n<p>Durant la seconde partie, les \u00e9l\u00e8ves seront amen\u00e9s \u00e0 d\u00e9couvrir des tableaux in\u00e9dits de Magritte et de les analyser dans leur contexte historique, mais \u00e9galement \u00e0 travers leur propre regard et leurs r\u00e9f\u00e9rences actuelles.<\/p>\n\n\n\n<p>Un dossier p\u00e9dagogique est mis \u00e0 disposition pour les enseignant.e.s du secondaire:<\/p>\n\n\n\n<div class=\"wp-block-buttons is-content-justification-center is-layout-flex wp-container-core-buttons-is-layout-2 wp-block-buttons-is-layout-flex\">\n<div class=\"wp-block-button\"><a class=\"wp-block-button__link wp-element-button\" href=\"https:\/\/www.magrittemuseum.be\/wp-content\/uploads\/2021\/08\/DOSSIER-PEDA-2021-FINAL.pdf\" style=\"border-radius:5px\">Dossier p\u00e9dagogique pour le secondaire<\/a><\/div>\n<\/div>\n\n\n\n<hr class=\"wp-block-separator has-alpha-channel-opacity\"\/>\n\n\n\n<h2 class=\"wp-block-heading\" id=\"infos-pratiques\">Informations pratiques<\/h2>\n\n\n\n<p><strong>Dur\u00e9e de la visite :<\/strong> 1h20<br><strong>Tarif :<\/strong>\u00a06 \u20ac \/ \u00e9l\u00e8ve<br><strong>Quand?<\/strong> Les mercredis, jeudis et vendredis matins<br><strong>\u00c2ge :<\/strong> \u00e0 partir de la 3\u00e8me primaire<br><strong>Infos et r\u00e9servations<\/strong>\u00a0:\u00a0<a href=\"mailto:%20reservation@magrittemuseum.be\">reservation@magrittemuseum.be<\/a><\/p>\n\n\n\n<div style=\"height:50px\" aria-hidden=\"true\" class=\"wp-block-spacer\"><\/div>\n\n\n\n<h2 class=\"wp-block-heading\">Avec le soutien de : <\/h2>\n\n\n\n<div class=\"wp-block-group\"><div class=\"wp-block-group__inner-container is-layout-constrained wp-block-group-is-layout-constrained\"><div class=\"wp-block-image\">\n<figure class=\"aligncenter is-resized\"><img loading=\"lazy\" decoding=\"async\" width=\"230\" height=\"125\" src=\"http:\/\/www.magrittemuseum.be\/wp-content\/uploads\/2019\/10\/indep-1443376808.jpg\" alt=\"\" class=\"wp-image-1180\" style=\"width:100px\"\/><\/figure><\/div>\n\n<div class=\"wp-block-image\">\n<figure class=\"aligncenter is-resized\"><img loading=\"lazy\" decoding=\"async\" width=\"1024\" height=\"174\" src=\"http:\/\/www.magrittemuseum.be\/wp-content\/uploads\/2019\/10\/1280px-Logo_Groupe_Hamelin.svg_-1024x174.png\" alt=\"\" class=\"wp-image-1179\" style=\"width:150px\" srcset=\"https:\/\/www.magrittemuseum.be\/wp-content\/uploads\/2019\/10\/1280px-Logo_Groupe_Hamelin.svg_-1024x174.png 1024w, https:\/\/www.magrittemuseum.be\/wp-content\/uploads\/2019\/10\/1280px-Logo_Groupe_Hamelin.svg_-300x51.png 300w, https:\/\/www.magrittemuseum.be\/wp-content\/uploads\/2019\/10\/1280px-Logo_Groupe_Hamelin.svg_-768x131.png 768w, https:\/\/www.magrittemuseum.be\/wp-content\/uploads\/2019\/10\/1280px-Logo_Groupe_Hamelin.svg_-1260x215.png 1260w, https:\/\/www.magrittemuseum.be\/wp-content\/uploads\/2019\/10\/1280px-Logo_Groupe_Hamelin.svg_.png 1280w\" sizes=\"(max-width: 1024px) 100vw, 1024px\" \/><\/figure><\/div><\/div><\/div>\n","protected":false},"excerpt":{"rendered":"<p>O\u00f9 habitait le c\u00e9l\u00e8bre surr\u00e9aliste belge? \u00c0 quoi ressemblait son appartement ? O\u00f9 peignait-il ? Et pourquoi retrouve-t-on autan d&rsquo;\u00e9l\u00e9ments de son int\u00e9rieur dans ses toiles ?\u00a0 Au mus\u00e9e Ren\u00e9 Magritte les \u00e9l\u00e8ve d\u00e9couvrent la vie quotidienne du peintre et se sensibilisent \u00e0 ce que les surr\u00e9alistes appelaient la po\u00e9sie au quotidien. Les visites peuvent &#8230; <a title=\"Scolaire\" class=\"read-more\" href=\"https:\/\/www.magrittemuseum.be\/index.php\/fr\/visite\/visites-guidees\/scolaire\/\" aria-label=\"En savoir plus sur Scolaire\">Lire la suite<\/a><\/p>\n","protected":false},"author":1,"featured_media":0,"parent":92,"menu_order":0,"comment_status":"closed","ping_status":"closed","template":"","meta":{"footnotes":""},"_links":{"self":[{"href":"https:\/\/www.magrittemuseum.be\/index.php\/wp-json\/wp\/v2\/pages\/107"}],"collection":[{"href":"https:\/\/www.magrittemuseum.be\/index.php\/wp-json\/wp\/v2\/pages"}],"about":[{"href":"https:\/\/www.magrittemuseum.be\/index.php\/wp-json\/wp\/v2\/types\/page"}],"author":[{"embeddable":true,"href":"https:\/\/www.magrittemuseum.be\/index.php\/wp-json\/wp\/v2\/users\/1"}],"replies":[{"embeddable":true,"href":"https:\/\/www.magrittemuseum.be\/index.php\/wp-json\/wp\/v2\/comments?post=107"}],"version-history":[{"count":21,"href":"https:\/\/www.magrittemuseum.be\/index.php\/wp-json\/wp\/v2\/pages\/107\/revisions"}],"predecessor-version":[{"id":6234,"href":"https:\/\/www.magrittemuseum.be\/index.php\/wp-json\/wp\/v2\/pages\/107\/revisions\/6234"}],"up":[{"embeddable":true,"href":"https:\/\/www.magrittemuseum.be\/index.php\/wp-json\/wp\/v2\/pages\/92"}],"wp:attachment":[{"href":"https:\/\/www.magrittemuseum.be\/index.php\/wp-json\/wp\/v2\/media?parent=107"}],"curies":[{"name":"wp","href":"https:\/\/api.w.org\/{rel}","templated":true}]}}