{"id":135,"date":"2018-07-03T16:32:03","date_gmt":"2018-07-03T14:32:03","guid":{"rendered":"http:\/\/magrittel.cluster014.ovh.net\/magrittemuseum.be\/?page_id=135"},"modified":"2022-06-01T12:55:30","modified_gmt":"2022-06-01T10:55:30","slug":"periode-jettoise-1930-1954","status":"publish","type":"page","link":"https:\/\/www.magrittemuseum.be\/index.php\/fr\/musee\/histoire\/periode-jettoise-1930-1954\/","title":{"rendered":"P\u00e9riode jettoise (1930-1954)"},"content":{"rendered":"<div id=\"tout\">\n<p id=\"text_jettoise\" style=\"text-align: left;\"><img loading=\"lazy\" decoding=\"async\" class=\"wp-image-136 alignleft\" style=\"text-align: start;\" src=\"http:\/\/magrittel.cluster014.ovh.net\/magrittemuseum.be\/wp-content\/uploads\/2018\/07\/9260821-1008x1024.jpg\" alt=\"\" width=\"391\" height=\"397\" srcset=\"https:\/\/www.magrittemuseum.be\/wp-content\/uploads\/2018\/07\/9260821-1008x1024.jpg 1008w, https:\/\/www.magrittemuseum.be\/wp-content\/uploads\/2018\/07\/9260821-295x300.jpg 295w, https:\/\/www.magrittemuseum.be\/wp-content\/uploads\/2018\/07\/9260821-768x780.jpg 768w, https:\/\/www.magrittemuseum.be\/wp-content\/uploads\/2018\/07\/9260821-1260x1280.jpg 1260w\" sizes=\"(max-width: 391px) 100vw, 391px\" \/>Bien qu&rsquo;originaire du Hainaut, Magritte passera l&rsquo;essentiel de sa vie \u00e0 Bruxelles, o\u00f9 il occupera, \u00e0 partir de 1915 jusqu&rsquo;\u00e0 sa mort en 1967, pas moins de sept domiciles. La p\u00e9riode qu&rsquo;il passe \u00e0 la rue Esseghem \u00e0 Jette, un faubourg au nord de Bruxelles, demeure la plus captivante pour approcher le\u00a0peintre. Lorsqu&rsquo;il s&rsquo;y installe avec sa femme Georgette, \u00e0 l&rsquo;\u00e2ge de 31 ans, il est appr\u00e9ci\u00e9 et soutenu par quelques rares initi\u00e9s, et doit se consacrer \u00e0 c\u00f4t\u00e9 de sa peinture, \u00e0 des travaux publicitaires qu&rsquo;il r\u00e9alise dans un atelier au fond du jardin. Vingt-quatre ans plus tard, devenu une sommit\u00e9 internationale, il quittera le petit appartement de la rue Esseghem pour s&rsquo;installer dans un quartier plus bourgeois \u00e0 Schaerbeek.<\/p>\n<p style=\"text-align: left;\"><img loading=\"lazy\" decoding=\"async\" class=\"wp-image-400 alignright\" style=\"font-size: 1.125rem;\" src=\"http:\/\/magrittel.cluster014.ovh.net\/magrittemuseum.be\/wp-content\/uploads\/2018\/07\/84_DSC4260-1024x625.jpg\" alt=\"\" width=\"406\" height=\"248\" srcset=\"https:\/\/www.magrittemuseum.be\/wp-content\/uploads\/2018\/07\/84_DSC4260-1024x625.jpg 1024w, https:\/\/www.magrittemuseum.be\/wp-content\/uploads\/2018\/07\/84_DSC4260-300x183.jpg 300w, https:\/\/www.magrittemuseum.be\/wp-content\/uploads\/2018\/07\/84_DSC4260-768x469.jpg 768w, https:\/\/www.magrittemuseum.be\/wp-content\/uploads\/2018\/07\/84_DSC4260-1260x769.jpg 1260w\" sizes=\"(max-width: 406px) 100vw, 406px\" \/><\/p>\n<p style=\"text-align: left;\">Entre-temps, il aura produit \u00e0 la rue Esseghem pr\u00e8s de la moiti\u00e9 de son \u0153uvre, avec le soutien de ses amis surr\u00e9alistes qu&rsquo;il invitait r\u00e9guli\u00e8rement chez lui. Pendant cette p\u00e9riode, Magritte m\u00e8ne \u00e0 leur terme des exp\u00e9rimentations in\u00e9dites sur la couleur et la forme, celles qui caract\u00e9risent sa\u00a0<em>\u00ab\u00a0p\u00e9riode vache\u00a0\u00bb<\/em>\u00a0ou sa p\u00e9riode <em>\u00ab\u00a0Renoir<\/em>\u00ab\u00a0, con\u00e7oit et publie des revues telles que\u00a0<em>La carte d&rsquo;apr\u00e8s nature.<\/em>\u00a0Il produit encore, \u00e0 la rue Esseghem, parmi ses plus grands chefs-d&rsquo;\u0153uvre, dont\u00a0<em>L&#8217;empire des lumi\u00e8res (1949)<\/em>\u00a0,<em>\u00a0La Condition humaine (1933)\u00a0<\/em>ou\u00a0<em>La dur\u00e9e poignard\u00e9e (1938)<\/em>&#8230;<\/p>\n<p style=\"text-align: justify;\">\n<\/div>\n","protected":false},"excerpt":{"rendered":"<p>Bien qu&rsquo;originaire du Hainaut, Magritte passera l&rsquo;essentiel de sa vie \u00e0 Bruxelles, o\u00f9 il occupera, \u00e0 partir de 1915 jusqu&rsquo;\u00e0 sa mort en 1967, pas moins de sept domiciles. La p\u00e9riode qu&rsquo;il passe \u00e0 la rue Esseghem \u00e0 Jette, un faubourg au nord de Bruxelles, demeure la plus captivante pour approcher le\u00a0peintre. Lorsqu&rsquo;il s&rsquo;y installe &#8230; <a title=\"P\u00e9riode jettoise (1930-1954)\" class=\"read-more\" href=\"https:\/\/www.magrittemuseum.be\/index.php\/fr\/musee\/histoire\/periode-jettoise-1930-1954\/\" aria-label=\"En savoir plus sur P\u00e9riode jettoise (1930-1954)\">Lire la suite<\/a><\/p>\n","protected":false},"author":1,"featured_media":0,"parent":133,"menu_order":0,"comment_status":"closed","ping_status":"closed","template":"","meta":{"footnotes":""},"_links":{"self":[{"href":"https:\/\/www.magrittemuseum.be\/index.php\/wp-json\/wp\/v2\/pages\/135"}],"collection":[{"href":"https:\/\/www.magrittemuseum.be\/index.php\/wp-json\/wp\/v2\/pages"}],"about":[{"href":"https:\/\/www.magrittemuseum.be\/index.php\/wp-json\/wp\/v2\/types\/page"}],"author":[{"embeddable":true,"href":"https:\/\/www.magrittemuseum.be\/index.php\/wp-json\/wp\/v2\/users\/1"}],"replies":[{"embeddable":true,"href":"https:\/\/www.magrittemuseum.be\/index.php\/wp-json\/wp\/v2\/comments?post=135"}],"version-history":[{"count":13,"href":"https:\/\/www.magrittemuseum.be\/index.php\/wp-json\/wp\/v2\/pages\/135\/revisions"}],"predecessor-version":[{"id":2935,"href":"https:\/\/www.magrittemuseum.be\/index.php\/wp-json\/wp\/v2\/pages\/135\/revisions\/2935"}],"up":[{"embeddable":true,"href":"https:\/\/www.magrittemuseum.be\/index.php\/wp-json\/wp\/v2\/pages\/133"}],"wp:attachment":[{"href":"https:\/\/www.magrittemuseum.be\/index.php\/wp-json\/wp\/v2\/media?parent=135"}],"curies":[{"name":"wp","href":"https:\/\/api.w.org\/{rel}","templated":true}]}}

Période jettoise (1930-1954)

<div id="tout">
<p id="text_jettoise" style="text-align: left;"><img loading="lazy" decoding="async" class="wp-image-136 alignleft" style="text-align: start;" src="http://magrittel.cluster014.ovh.net/magrittemuseum.be/wp-content/uploads/2018/07/9260821-1008x1024.jpg" alt="" width="391" height="397" srcset="https://www.magrittemuseum.be/wp-content/uploads/2018/07/9260821-1008x1024.jpg 1008w, https://www.magrittemuseum.be/wp-content/uploads/2018/07/9260821-295x300.jpg 295w, https://www.magrittemuseum.be/wp-content/uploads/2018/07/9260821-768x780.jpg 768w, https://www.magrittemuseum.be/wp-content/uploads/2018/07/9260821-1260x1280.jpg 1260w" sizes="(max-width: 391px) 100vw, 391px" />Bien qu&rsquo;originaire du Hainaut, Magritte passera l&rsquo;essentiel de sa vie à Bruxelles, où il occupera, à partir de 1915 jusqu&rsquo;à sa mort en 1967, pas moins de sept domiciles. La période qu&rsquo;il passe à la rue Esseghem à Jette, un faubourg au nord de Bruxelles, demeure la plus captivante pour approcher le peintre. Lorsqu&rsquo;il s&rsquo;y installe avec sa femme Georgette, à l&rsquo;âge de 31 ans, il est apprécié et soutenu par quelques rares initiés, et doit se consacrer à côté de sa peinture, à des travaux publicitaires qu&rsquo;il réalise dans un atelier au fond du jardin. Vingt-quatre ans plus tard, devenu une sommité internationale, il quittera le petit appartement de la rue Esseghem pour s&rsquo;installer dans un quartier plus bourgeois à Schaerbeek.</p>
<p style="text-align: left;"><img loading="lazy" decoding="async" class="wp-image-400 alignright" style="font-size: 1.125rem;" src="http://magrittel.cluster014.ovh.net/magrittemuseum.be/wp-content/uploads/2018/07/84_DSC4260-1024x625.jpg" alt="" width="406" height="248" srcset="https://www.magrittemuseum.be/wp-content/uploads/2018/07/84_DSC4260-1024x625.jpg 1024w, https://www.magrittemuseum.be/wp-content/uploads/2018/07/84_DSC4260-300x183.jpg 300w, https://www.magrittemuseum.be/wp-content/uploads/2018/07/84_DSC4260-768x469.jpg 768w, https://www.magrittemuseum.be/wp-content/uploads/2018/07/84_DSC4260-1260x769.jpg 1260w" sizes="(max-width: 406px) 100vw, 406px" /></p>
<p style="text-align: left;">Entre-temps, il aura produit à la rue Esseghem près de la moitié de son œuvre, avec le soutien de ses amis surréalistes qu&rsquo;il invitait régulièrement chez lui. Pendant cette période, Magritte mène à leur terme des expérimentations inédites sur la couleur et la forme, celles qui caractérisent sa <em>« période vache »</em> ou sa période <em>« Renoir</em>« , conçoit et publie des revues telles que <em>La carte d&rsquo;après nature.</em> Il produit encore, à la rue Esseghem, parmi ses plus grands chefs-d&rsquo;œuvre, dont <em>L&#8217;empire des lumières (1949)</em> ,<em> La Condition humaine (1933) </em>ou <em>La durée poignardée (1938)</em>&#8230;</p>
<p style="text-align: justify;">
</div>

<p>Bien qu&rsquo;originaire du Hainaut, Magritte passera l&rsquo;essentiel de sa vie à Bruxelles, où il occupera, à partir de 1915 jusqu&rsquo;à sa mort en 1967, pas moins de sept domiciles. La période qu&rsquo;il passe à la rue Esseghem à Jette, un faubourg au nord de Bruxelles, demeure la plus captivante pour approcher le peintre. Lorsqu&rsquo;il s&rsquo;y installe &#8230; <a title="Période jettoise (1930-1954)" class="read-more" href="https://www.magrittemuseum.be/index.php/fr/musee/histoire/periode-jettoise-1930-1954/" aria-label="En savoir plus sur Période jettoise (1930-1954)">Lire la suite</a></p>
