{"id":155,"date":"2018-07-04T11:47:56","date_gmt":"2018-07-04T09:47:56","guid":{"rendered":"http:\/\/magrittel.cluster014.ovh.net\/magrittemuseum.be\/?page_id=155"},"modified":"2024-04-14T12:52:47","modified_gmt":"2024-04-14T10:52:47","slug":"la-collection","status":"publish","type":"page","link":"https:\/\/www.magrittemuseum.be\/index.php\/fr\/musee\/la-collection\/","title":{"rendered":"La collection"},"content":{"rendered":"<p style=\"text-align: left;\"><img loading=\"lazy\" decoding=\"async\" class=\" wp-image-472 alignleft\" src=\"http:\/\/magrittel.cluster014.ovh.net\/magrittemuseum.be\/wp-content\/uploads\/2018\/07\/DSF1367-1024x685.jpg\" alt=\"\" width=\"332\" height=\"222\" srcset=\"https:\/\/www.magrittemuseum.be\/wp-content\/uploads\/2018\/07\/DSF1367-1024x685.jpg 1024w, https:\/\/www.magrittemuseum.be\/wp-content\/uploads\/2018\/07\/DSF1367-300x201.jpg 300w, https:\/\/www.magrittemuseum.be\/wp-content\/uploads\/2018\/07\/DSF1367-768x514.jpg 768w, https:\/\/www.magrittemuseum.be\/wp-content\/uploads\/2018\/07\/DSF1367-1260x843.jpg 1260w\" sizes=\"(max-width: 332px) 100vw, 332px\" \/>Au rez-de-chauss\u00e9e, le visiteur d\u00e9couvre tout d&rsquo;abord l&rsquo;appartement de Ren\u00e9 Magritte, restaur\u00e9 avec le mobilier d&rsquo;origine. Les deux \u00e9tages sup\u00e9rieurs de la maison ont \u00e9t\u00e9 am\u00e9nag\u00e9s en exposition biographique ou le visiteur peut d\u00e9couvrir une vingtaine d&rsquo;\u0153uvres originales (gouaches, dessins et deux tableaux \u00e0 l&rsquo;huile), une dizaine d&rsquo;\u0153uvres publicitaires, des objets originaux et une s\u00e9lection de documents d&rsquo;archives expos\u00e9s aux murs et dans les vitrines. Un parcours chronologique, allant de la naissance de Magritte jusqu&rsquo;\u00e0 son d\u00e9c\u00e8s, retrace aussi bien les diff\u00e9rentes \u00e9tapes de la vie de l&rsquo;artiste, que son \u00e9volution artistique et ses liens avec les diff\u00e9rents milieux artistiques de l&rsquo;\u00e9poque.<\/p>\n<figure id=\"attachment_198\" aria-describedby=\"caption-attachment-198\" style=\"width: 248px\" class=\"wp-caption alignright\"><img loading=\"lazy\" decoding=\"async\" class=\"wp-image-198\" src=\"http:\/\/magrittel.cluster014.ovh.net\/magrittemuseum.be\/wp-content\/uploads\/2018\/07\/DSF0415-e1530711442193-790x1024.jpg\" alt=\"\" width=\"258\" height=\"334\" srcset=\"https:\/\/www.magrittemuseum.be\/wp-content\/uploads\/2018\/07\/DSF0415-e1530711442193-790x1024.jpg 790w, https:\/\/www.magrittemuseum.be\/wp-content\/uploads\/2018\/07\/DSF0415-e1530711442193-231x300.jpg 231w, https:\/\/www.magrittemuseum.be\/wp-content\/uploads\/2018\/07\/DSF0415-e1530711442193-768x996.jpg 768w, https:\/\/www.magrittemuseum.be\/wp-content\/uploads\/2018\/07\/DSF0415-e1530711442193-1260x1634.jpg 1260w\" sizes=\"(max-width: 258px) 100vw, 258px\" \/><figcaption id=\"caption-attachment-198\" class=\"wp-caption-text\">Collage, E.L.T. Mesens<\/figcaption><\/figure>\n<p style=\"text-align: left;\">Parmi les \u0153uvres phares expos\u00e9es dans le Mus\u00e9e, citons les gouaches <em>Le t\u00e9moin<\/em>, <em>La Lampe d&rsquo;Aladin<\/em>\u00a0et <em>Lola de Valence<\/em>\u00a0(issue de la P\u00e9riode Vache), ainsi qu&rsquo;un livre d&rsquo;id\u00e9es dans lequel Magritte d\u00e9veloppe sa th\u00e9orie sur les mots et les images. On y d\u00e9couvre un Magritte parfois m\u00e9connu, avec une \u0153uvre cubisante du d\u00e9but des ann\u00e9es 1920 et deux \u0153uvres de sa p\u00e9riode Renoir. Sans oublier ce surprenant tapis surr\u00e9aliste r\u00e9alis\u00e9 avec le po\u00e8te Paul Noug\u00e9.<\/p>\n<p style=\"text-align: left;\">L&rsquo;accent est toujours mis sur l&rsquo;ambiance intimiste du lieu, ainsi que sur la conservation de ces documents parfois fragiles qui ne peuvent supporter un \u00e9clairage trop intense. La sc\u00e9nographie met en \u00e9vidence l&rsquo;architecture de la maison construite en 1925, rest\u00e9e intacte.<\/p>\n","protected":false},"excerpt":{"rendered":"<p>Au rez-de-chauss\u00e9e, le visiteur d\u00e9couvre tout d&rsquo;abord l&rsquo;appartement de Ren\u00e9 Magritte, restaur\u00e9 avec le mobilier d&rsquo;origine. Les deux \u00e9tages sup\u00e9rieurs de la maison ont \u00e9t\u00e9 am\u00e9nag\u00e9s en exposition biographique ou le visiteur peut d\u00e9couvrir une vingtaine d&rsquo;\u0153uvres originales (gouaches, dessins et deux tableaux \u00e0 l&rsquo;huile), une dizaine d&rsquo;\u0153uvres publicitaires, des objets originaux et une s\u00e9lection &#8230; <a title=\"La collection\" class=\"read-more\" href=\"https:\/\/www.magrittemuseum.be\/index.php\/fr\/musee\/la-collection\/\" aria-label=\"En savoir plus sur La collection\">Lire la suite<\/a><\/p>\n","protected":false},"author":1,"featured_media":0,"parent":153,"menu_order":0,"comment_status":"closed","ping_status":"closed","template":"","meta":{"footnotes":""},"_links":{"self":[{"href":"https:\/\/www.magrittemuseum.be\/index.php\/wp-json\/wp\/v2\/pages\/155"}],"collection":[{"href":"https:\/\/www.magrittemuseum.be\/index.php\/wp-json\/wp\/v2\/pages"}],"about":[{"href":"https:\/\/www.magrittemuseum.be\/index.php\/wp-json\/wp\/v2\/types\/page"}],"author":[{"embeddable":true,"href":"https:\/\/www.magrittemuseum.be\/index.php\/wp-json\/wp\/v2\/users\/1"}],"replies":[{"embeddable":true,"href":"https:\/\/www.magrittemuseum.be\/index.php\/wp-json\/wp\/v2\/comments?post=155"}],"version-history":[{"count":10,"href":"https:\/\/www.magrittemuseum.be\/index.php\/wp-json\/wp\/v2\/pages\/155\/revisions"}],"predecessor-version":[{"id":4796,"href":"https:\/\/www.magrittemuseum.be\/index.php\/wp-json\/wp\/v2\/pages\/155\/revisions\/4796"}],"up":[{"embeddable":true,"href":"https:\/\/www.magrittemuseum.be\/index.php\/wp-json\/wp\/v2\/pages\/153"}],"wp:attachment":[{"href":"https:\/\/www.magrittemuseum.be\/index.php\/wp-json\/wp\/v2\/media?parent=155"}],"curies":[{"name":"wp","href":"https:\/\/api.w.org\/{rel}","templated":true}]}}

<p style="text-align: left;"><img loading="lazy" decoding="async" class=" wp-image-472 alignleft" src="http://magrittel.cluster014.ovh.net/magrittemuseum.be/wp-content/uploads/2018/07/DSF1367-1024x685.jpg" alt="" width="332" height="222" srcset="https://www.magrittemuseum.be/wp-content/uploads/2018/07/DSF1367-1024x685.jpg 1024w, https://www.magrittemuseum.be/wp-content/uploads/2018/07/DSF1367-300x201.jpg 300w, https://www.magrittemuseum.be/wp-content/uploads/2018/07/DSF1367-768x514.jpg 768w, https://www.magrittemuseum.be/wp-content/uploads/2018/07/DSF1367-1260x843.jpg 1260w" sizes="(max-width: 332px) 100vw, 332px" />Au rez-de-chaussée, le visiteur découvre tout d&rsquo;abord l&rsquo;appartement de René Magritte, restauré avec le mobilier d&rsquo;origine. Les deux étages supérieurs de la maison ont été aménagés en exposition biographique ou le visiteur peut découvrir une vingtaine d&rsquo;œuvres originales (gouaches, dessins et deux tableaux à l&rsquo;huile), une dizaine d&rsquo;œuvres publicitaires, des objets originaux et une sélection de documents d&rsquo;archives exposés aux murs et dans les vitrines. Un parcours chronologique, allant de la naissance de Magritte jusqu&rsquo;à son décès, retrace aussi bien les différentes étapes de la vie de l&rsquo;artiste, que son évolution artistique et ses liens avec les différents milieux artistiques de l&rsquo;époque.</p>
<figure id="attachment_198" aria-describedby="caption-attachment-198" style="width: 248px" class="wp-caption alignright"><img loading="lazy" decoding="async" class="wp-image-198" src="http://magrittel.cluster014.ovh.net/magrittemuseum.be/wp-content/uploads/2018/07/DSF0415-e1530711442193-790x1024.jpg" alt="" width="258" height="334" srcset="https://www.magrittemuseum.be/wp-content/uploads/2018/07/DSF0415-e1530711442193-790x1024.jpg 790w, https://www.magrittemuseum.be/wp-content/uploads/2018/07/DSF0415-e1530711442193-231x300.jpg 231w, https://www.magrittemuseum.be/wp-content/uploads/2018/07/DSF0415-e1530711442193-768x996.jpg 768w, https://www.magrittemuseum.be/wp-content/uploads/2018/07/DSF0415-e1530711442193-1260x1634.jpg 1260w" sizes="(max-width: 258px) 100vw, 258px" /><figcaption id="caption-attachment-198" class="wp-caption-text">Collage, E.L.T. Mesens</figcaption></figure>
<p style="text-align: left;">Parmi les œuvres phares exposées dans le Musée, citons les gouaches <em>Le témoin</em>, <em>La Lampe d&rsquo;Aladin</em> et <em>Lola de Valence</em> (issue de la Période Vache), ainsi qu&rsquo;un livre d&rsquo;idées dans lequel Magritte développe sa théorie sur les mots et les images. On y découvre un Magritte parfois méconnu, avec une œuvre cubisante du début des années 1920 et deux œuvres de sa période Renoir. Sans oublier ce surprenant tapis surréaliste réalisé avec le poète Paul Nougé.</p>
<p style="text-align: left;">L&rsquo;accent est toujours mis sur l&rsquo;ambiance intimiste du lieu, ainsi que sur la conservation de ces documents parfois fragiles qui ne peuvent supporter un éclairage trop intense. La scénographie met en évidence l&rsquo;architecture de la maison construite en 1925, restée intacte.</p>

<p>Au rez-de-chaussée, le visiteur découvre tout d&rsquo;abord l&rsquo;appartement de René Magritte, restauré avec le mobilier d&rsquo;origine. Les deux étages supérieurs de la maison ont été aménagés en exposition biographique ou le visiteur peut découvrir une vingtaine d&rsquo;œuvres originales (gouaches, dessins et deux tableaux à l&rsquo;huile), une dizaine d&rsquo;œuvres publicitaires, des objets originaux et une sélection &#8230; <a title="La collection" class="read-more" href="https://www.magrittemuseum.be/index.php/fr/musee/la-collection/" aria-label="En savoir plus sur La collection">Lire la suite</a></p>
