{"id":231,"date":"2018-07-04T16:55:41","date_gmt":"2018-07-04T14:55:41","guid":{"rendered":"http:\/\/magrittel.cluster014.ovh.net\/magrittemuseum.be\/?page_id=231"},"modified":"2025-08-23T15:16:08","modified_gmt":"2025-08-23T13:16:08","slug":"museum-voor-abstracte-kunst","status":"publish","type":"page","link":"https:\/\/www.magrittemuseum.be\/index.php\/nl\/museum-voor-abstracte-kunst\/","title":{"rendered":"Museum voor Abstracte Kunst"},"content":{"rendered":"\n<div class=\"wp-block-media-text is-stacked-on-mobile\" style=\"grid-template-columns:25% auto\"><figure class=\"wp-block-media-text__media\"><img loading=\"lazy\" decoding=\"async\" width=\"697\" height=\"1024\" src=\"https:\/\/www.magrittemuseum.be\/wp-content\/uploads\/2018\/07\/DSC3659-2-697x1024.jpg\" alt=\"\" class=\"wp-image-362 size-full\" srcset=\"https:\/\/www.magrittemuseum.be\/wp-content\/uploads\/2018\/07\/DSC3659-2-697x1024.jpg 697w, https:\/\/www.magrittemuseum.be\/wp-content\/uploads\/2018\/07\/DSC3659-2-204x300.jpg 204w, https:\/\/www.magrittemuseum.be\/wp-content\/uploads\/2018\/07\/DSC3659-2-768x1128.jpg 768w, https:\/\/www.magrittemuseum.be\/wp-content\/uploads\/2018\/07\/DSC3659-2-1260x1850.jpg 1260w\" sizes=\"(max-width: 697px) 100vw, 697px\" \/><\/figure><div class=\"wp-block-media-text__content\">\n<p>Het Museum voor Abstracte Kunst is het eerste in Belgi\u00eb en het vierde in de wereld. Het ligt pal naast het huis dat Ren\u00e9 Magritte jarenlang in Jette bewoonde. Beide gebouwen zijn met elkaar verbonden. Het museum toont voornamelijk Belgische, abstracte kunst, een collectie van meer dan 750 werken waarvan \u00e9\u00e9n derde permanent ge\u00ebxposeerd wordt. De tweede verdieping bevat de historische avant-garde uit de jaren 1920, met als grote figuren o.a. Servranckx, Vantongerloo, Jozef Peeters en Flouquet. Aanvankelijk schilderde Magritte ook in deze stijl en was hij met deze kunstenaars bevriend. De beneden- en de derde verdieping bevat de tweede generatie abstracten (jaren 1950 tot 1980 e.v.), zowel geometrische als lyrische (o.a. Alechinsky, Pol Bury, Bertrand, Rets, Delahaut).<\/p>\n<\/div><\/div>\n\n\n\n<h2 class=\"wp-block-heading has-text-align-center\">Kunstenaars in de collectie :<\/h2>\n\n\n\n<h3 class=\"wp-block-heading\"><strong>Gelijkvloers<\/strong><\/h3>\n\n\n\n<div class=\"wp-block-media-text is-stacked-on-mobile is-image-fill\" style=\"grid-template-columns:25% auto\"><figure class=\"wp-block-media-text__media\" style=\"background-image:url(https:\/\/www.magrittemuseum.be\/wp-content\/uploads\/2020\/02\/Vernissage-Maison-Magritte_22-1-1024x683.jpg);background-position:50% 50%\"><img loading=\"lazy\" decoding=\"async\" width=\"1024\" height=\"683\" src=\"https:\/\/www.magrittemuseum.be\/wp-content\/uploads\/2020\/02\/Vernissage-Maison-Magritte_22-1-1024x683.jpg\" alt=\"\" class=\"wp-image-1346 size-full\" srcset=\"https:\/\/www.magrittemuseum.be\/wp-content\/uploads\/2020\/02\/Vernissage-Maison-Magritte_22-1-1024x683.jpg 1024w, https:\/\/www.magrittemuseum.be\/wp-content\/uploads\/2020\/02\/Vernissage-Maison-Magritte_22-1-300x200.jpg 300w, https:\/\/www.magrittemuseum.be\/wp-content\/uploads\/2020\/02\/Vernissage-Maison-Magritte_22-1-768x513.jpg 768w, https:\/\/www.magrittemuseum.be\/wp-content\/uploads\/2020\/02\/Vernissage-Maison-Magritte_22-1-1260x841.jpg 1260w\" sizes=\"(max-width: 1024px) 100vw, 1024px\" \/><\/figure><div class=\"wp-block-media-text__content\">\n<p>Pierre Alechinsky, Gaston Bertrand, Bram Bogart, Anne Bonnet, Jan Burssens, Pol Bury, Georges Carrey, Gilbert Decock, Gaston De Mey, Jo Delahaut, Jan Dries, Jean Dubois, Roger Dudant, Serge Gangolf, Ren\u00e9 Guiette, Wout Hoeboer, Luc Hoenraet, Francine Holley, Ren\u00e9 Huin, Jean-Pierre Husquinet, Joseph Lacasse, Antonia Lambel\u00e9, Kurt Lewy, Jean Milo, Jacques Moeschal, Victor No\u00ebl, Joseph Ongenae, Cel Overberghe, Mig Quinet, Luc Peire, Renaat Ramon, Roger Raveel, Jean Rets, Jan Saverys, Michel Seuphor, Gustave Singier, Gilbert Swimberghe, Englebert Van Anderlecht, Camiel Van Breedam, Paul Van Hoeydonck, Louis Van Lint, Guillaume Vanden Borre, Guy Vandenbranden, Jef Verheyen, Ferdinand Vonck, L\u00e9on Wuidar, Fritz Wybaux.<\/p>\n<\/div><\/div>\n\n\n\n<h3 class=\"wp-block-heading has-text-align-right\"><strong>Tweede verdieping<\/strong><\/h3>\n\n\n\n<div class=\"wp-block-media-text has-media-on-the-right is-stacked-on-mobile is-image-fill\" style=\"grid-template-columns:auto 25%\"><div class=\"wp-block-media-text__content\">\n<p>Marcel-Louis Baugniet, Henri-Jean Closon, Jan Cockx, Felix De Boeck, Victor Delhez, Prosper De Troyer, Marthe Donas, Marc Eemans, Ernest Engel-Pak, Pierre-Louis Flouquet, Jean-Jacques Gailliard, Huib Hoste, Willu Kessels, Jan Kiemeneij, Joseph Lacasse, Marcel Lempereur-Haut, Jos L\u00e9onard, Karel Maes, Jozef Peeters, Jules Schmalzigaug, Victor Servranckx, Edmond Van Dooren, Georges Vantongerloo, Edmond Vandercammen, Hubert Wolfs.<\/p>\n<\/div><figure class=\"wp-block-media-text__media\" style=\"background-image:url(https:\/\/www.magrittemuseum.be\/wp-content\/uploads\/2020\/02\/Vernissage-Maison-Magritte_7-1-1024x683.jpg);background-position:50% 50%\"><img loading=\"lazy\" decoding=\"async\" width=\"1024\" height=\"683\" src=\"https:\/\/www.magrittemuseum.be\/wp-content\/uploads\/2020\/02\/Vernissage-Maison-Magritte_7-1-1024x683.jpg\" alt=\"\" class=\"wp-image-1345 size-full\" srcset=\"https:\/\/www.magrittemuseum.be\/wp-content\/uploads\/2020\/02\/Vernissage-Maison-Magritte_7-1-1024x683.jpg 1024w, https:\/\/www.magrittemuseum.be\/wp-content\/uploads\/2020\/02\/Vernissage-Maison-Magritte_7-1-300x200.jpg 300w, https:\/\/www.magrittemuseum.be\/wp-content\/uploads\/2020\/02\/Vernissage-Maison-Magritte_7-1-768x513.jpg 768w, https:\/\/www.magrittemuseum.be\/wp-content\/uploads\/2020\/02\/Vernissage-Maison-Magritte_7-1-1260x841.jpg 1260w\" sizes=\"(max-width: 1024px) 100vw, 1024px\" \/><\/figure><\/div>\n\n\n\n<h3 class=\"wp-block-heading\"><strong>Derde verdieping<\/strong><\/h3>\n\n\n\n<div class=\"wp-block-media-text is-stacked-on-mobile is-image-fill\" style=\"grid-template-columns:25% auto\"><figure class=\"wp-block-media-text__media\" style=\"background-image:url(https:\/\/www.magrittemuseum.be\/wp-content\/uploads\/2023\/10\/Vernissage-Maison-Magritte_34-3-1024x683.jpg);background-position:50% 50%\"><img loading=\"lazy\" decoding=\"async\" width=\"1024\" height=\"683\" src=\"https:\/\/www.magrittemuseum.be\/wp-content\/uploads\/2023\/10\/Vernissage-Maison-Magritte_34-3-1024x683.jpg\" alt=\"\" class=\"wp-image-4282 size-full\" srcset=\"https:\/\/www.magrittemuseum.be\/wp-content\/uploads\/2023\/10\/Vernissage-Maison-Magritte_34-3-1024x683.jpg 1024w, https:\/\/www.magrittemuseum.be\/wp-content\/uploads\/2023\/10\/Vernissage-Maison-Magritte_34-3-300x200.jpg 300w, https:\/\/www.magrittemuseum.be\/wp-content\/uploads\/2023\/10\/Vernissage-Maison-Magritte_34-3-768x513.jpg 768w, https:\/\/www.magrittemuseum.be\/wp-content\/uploads\/2023\/10\/Vernissage-Maison-Magritte_34-3-1536x1025.jpg 1536w, https:\/\/www.magrittemuseum.be\/wp-content\/uploads\/2023\/10\/Vernissage-Maison-Magritte_34-3-2048x1367.jpg 2048w, https:\/\/www.magrittemuseum.be\/wp-content\/uploads\/2023\/10\/Vernissage-Maison-Magritte_34-3-1260x841.jpg 1260w\" sizes=\"(max-width: 1024px) 100vw, 1024px\" \/><\/figure><div class=\"wp-block-media-text__content\">\n<p>Pierre Alechinsky, Willy Anthoons, Marcel Arnould, Gaston Bertrand, Jan Burssens, Pol Bury, Genevi\u00e8ve Claisse, Georges Collignon, Ren\u00e9e Demeester, <a href=\"http:\/\/www.magrittemuseum.be\/wp-content\/uploads\/2021\/04\/Belgische-Abstracte-Kunst-Museum_Henry-Dorchy-23-maart-2019-8-Mo.pdf\">Henry Dorchy<\/a>, Christian Dotremont, Jan Dries, Vic Gentils, Ray Gilles, Jack Goderis, Ren\u00e9 Guiette, Paul Ibou, Floris Jespers, Antonia Lambel\u00e9, Walter Leblanc, Kurt Lewy, Pol Mara, Antoon Marstboom, Marc Mendelson, Henri Michaux, Victor No\u00ebl, L\u00e9opold Plomteux, Jean Rets, Jan Saverys, Gustave Singier, Englebert Van Anderlecht, Louis Van Lint, Hilde Van Sumere, Guy Vandenbranden, Mark Verstockt, Maurice Wyckaert.<\/p>\n<\/div><\/div>\n\n\n\n<h3 class=\"wp-block-heading has-text-align-right\"><strong>Afwisselend tentoongesteld<\/strong><\/h3>\n\n\n\n<p>Raymond Art, Andr\u00e9 Beullens, Maurits Bilcke, Maurice Boel, Elie Borgrave, John Cluysenaar, Amedee Cortier, Carlo De Roover, Robert Dewinne, Berthe Dubail, Marcel Dumont, Paul Franck, Wybrand Ganzevoort, Roger Greisch, Marthe Guillain, Hauror, Henri Heerbrant, Willy Helleweegen, Hugo Heyrman, Richard Kayler, Henri Kerels, Jean-Paul Laenen, Remo Martini, Jean-Pierre Maury, Louis Moyano, Rudolf Meerbergen, Dordevic Miodrag, Bill Orix, Henri Prosi, Wilfried Seghers, Silvin (Bronkart), Joska Soos, Fernand St\u00e9ven, Marcel Verdren, Walter Vanermen, No\u00ebl Vermeulen, Jacques Weyer, Fritz Wybaux.<\/p>\n","protected":false},"excerpt":{"rendered":"<p>Het Museum voor Abstracte Kunst is het eerste in Belgi\u00eb en het vierde in de wereld. Het ligt pal naast het huis dat Ren\u00e9 Magritte jarenlang in Jette bewoonde. Beide gebouwen zijn met elkaar verbonden. Het museum toont voornamelijk Belgische, abstracte kunst, een collectie van meer dan 750 werken waarvan \u00e9\u00e9n derde permanent ge\u00ebxposeerd wordt. &#8230; <a title=\"Museum voor Abstracte Kunst\" class=\"read-more\" href=\"https:\/\/www.magrittemuseum.be\/index.php\/nl\/museum-voor-abstracte-kunst\/\" aria-label=\"En savoir plus sur Museum voor Abstracte Kunst\">Lire la suite<\/a><\/p>\n","protected":false},"author":1,"featured_media":0,"parent":0,"menu_order":3,"comment_status":"closed","ping_status":"closed","template":"","meta":{"footnotes":""},"_links":{"self":[{"href":"https:\/\/www.magrittemuseum.be\/index.php\/wp-json\/wp\/v2\/pages\/231"}],"collection":[{"href":"https:\/\/www.magrittemuseum.be\/index.php\/wp-json\/wp\/v2\/pages"}],"about":[{"href":"https:\/\/www.magrittemuseum.be\/index.php\/wp-json\/wp\/v2\/types\/page"}],"author":[{"embeddable":true,"href":"https:\/\/www.magrittemuseum.be\/index.php\/wp-json\/wp\/v2\/users\/1"}],"replies":[{"embeddable":true,"href":"https:\/\/www.magrittemuseum.be\/index.php\/wp-json\/wp\/v2\/comments?post=231"}],"version-history":[{"count":24,"href":"https:\/\/www.magrittemuseum.be\/index.php\/wp-json\/wp\/v2\/pages\/231\/revisions"}],"predecessor-version":[{"id":6129,"href":"https:\/\/www.magrittemuseum.be\/index.php\/wp-json\/wp\/v2\/pages\/231\/revisions\/6129"}],"wp:attachment":[{"href":"https:\/\/www.magrittemuseum.be\/index.php\/wp-json\/wp\/v2\/media?parent=231"}],"curies":[{"name":"wp","href":"https:\/\/api.w.org\/{rel}","templated":true}]}}