{"id":289,"date":"2018-07-05T11:56:42","date_gmt":"2018-07-05T09:56:42","guid":{"rendered":"http:\/\/magrittel.cluster014.ovh.net\/magrittemuseum.be\/?page_id=289"},"modified":"2025-05-22T11:51:30","modified_gmt":"2025-05-22T09:51:30","slug":"les-amis-du-mrm","status":"publish","type":"page","link":"https:\/\/www.magrittemuseum.be\/index.php\/fr\/les-amis-du-mrm\/","title":{"rendered":"Presse"},"content":{"rendered":"\n<p>Entr\u00e9e gratuite pour les journalistes&nbsp;<strong>uniquement sur rendez-vous<\/strong>&nbsp;ou apr\u00e8s prise de contact avec le <a href=\"mailto:info@magrittemuseum.be\">service communication<\/a>.<\/p>\n\n\n\n<div class=\"wp-block-media-text has-media-on-the-right is-stacked-on-mobile has-base-2-background-color has-background\" style=\"grid-template-columns:auto 35%\"><div class=\"wp-block-media-text__content\">\n<p>En guise de mise en bouche, l\u2019un ou l\u2019autre morceau choisi parmi les articles de presse parus sur le Mus\u00e9e Ren\u00e9 Magritte \u2013 Mus\u00e9e d\u2019Art Abstrait :<\/p>\n\n\n\n<div class=\"wp-block-buttons is-layout-flex wp-block-buttons-is-layout-flex\">\n<div class=\"wp-block-button has-custom-font-size\" style=\"font-size:15px\"><a class=\"wp-block-button__link wp-element-button\" href=\"https:\/\/www.magrittemuseum.be\/wp-content\/uploads\/2019\/10\/AAA.avril-08.page-3.pdf\" style=\"border-radius:5px\">Article Mus\u00e9e Ren\u00e9 Magritte &#8211; Page 1<\/a><\/div>\n\n\n\n<div class=\"wp-block-button has-custom-font-size is-style-fill\" style=\"font-size:15px\"><a class=\"wp-block-button__link wp-element-button\" href=\"https:\/\/www.magrittemuseum.be\/wp-content\/uploads\/2019\/10\/AAA.avril-08.page-4.pdf\" style=\"border-radius:5px\">Page 2<\/a><\/div>\n\n\n\n<div class=\"wp-block-button has-custom-font-size is-style-fill\" style=\"font-size:15px\"><a class=\"wp-block-button__link wp-element-button\" href=\"https:\/\/www.rtbf.be\/article\/un-musee-d-art-abstrait-a-bruxelles-10362481\" style=\"border-radius:5px\">Article RTBF Mus\u00e9e d&rsquo;Art Abstrait<\/a><\/div>\n<\/div>\n<\/div><figure class=\"wp-block-media-text__media\"><img loading=\"lazy\" decoding=\"async\" width=\"894\" height=\"1024\" src=\"https:\/\/www.magrittemuseum.be\/wp-content\/uploads\/2025\/05\/32_DSC4283-1-scaled-e1747907480244-894x1024.jpg\" alt=\"\" class=\"wp-image-5655 size-full\" srcset=\"https:\/\/www.magrittemuseum.be\/wp-content\/uploads\/2025\/05\/32_DSC4283-1-scaled-e1747907480244-894x1024.jpg 894w, https:\/\/www.magrittemuseum.be\/wp-content\/uploads\/2025\/05\/32_DSC4283-1-scaled-e1747907480244-262x300.jpg 262w, https:\/\/www.magrittemuseum.be\/wp-content\/uploads\/2025\/05\/32_DSC4283-1-scaled-e1747907480244-768x880.jpg 768w, https:\/\/www.magrittemuseum.be\/wp-content\/uploads\/2025\/05\/32_DSC4283-1-scaled-e1747907480244-1341x1536.jpg 1341w, https:\/\/www.magrittemuseum.be\/wp-content\/uploads\/2025\/05\/32_DSC4283-1-scaled-e1747907480244.jpg 1501w\" sizes=\"(max-width: 894px) 100vw, 894px\" \/><\/figure><\/div>\n\n\n\n<p>Si vous d\u00e9sirez plus d\u2019informations sur le Mus\u00e9e et\/ou ses \u00e9v\u00e9nements, merci d\u2019adresser votre demande \u00e0&nbsp;<a href=\"mailto:info@magrittemuseum.be\">info@magrittemuseum.be<\/a><\/p>\n\n\n\n<p>Il est possible de filmer\/photographier \u00e0 l\u2019int\u00e9rieur du Mus\u00e9e, selon certaines conditions et uniquement sur rendez-vous.<\/p>\n\n\n\n<p><strong>Toute demande concernant les droits de reproductions des \u0153uvres de Magritte doit \u00eatre faite aupr\u00e8s de la&nbsp;<a href=\"https:\/\/www.sabam.be\/fr\">SABAM<\/a>.<\/strong><\/p>\n","protected":false},"excerpt":{"rendered":"<p>Entr\u00e9e gratuite pour les journalistes&nbsp;uniquement sur rendez-vous&nbsp;ou apr\u00e8s prise de contact avec le service communication. Si vous d\u00e9sirez plus d\u2019informations sur le Mus\u00e9e et\/ou ses \u00e9v\u00e9nements, merci d\u2019adresser votre demande \u00e0&nbsp;info@magrittemuseum.be Il est possible de filmer\/photographier \u00e0 l\u2019int\u00e9rieur du Mus\u00e9e, selon certaines conditions et uniquement sur rendez-vous. Toute demande concernant les droits de reproductions des &#8230; <a title=\"Presse\" class=\"read-more\" href=\"https:\/\/www.magrittemuseum.be\/index.php\/fr\/les-amis-du-mrm\/\" aria-label=\"En savoir plus sur Presse\">Lire la suite<\/a><\/p>\n","protected":false},"author":1,"featured_media":0,"parent":0,"menu_order":7,"comment_status":"closed","ping_status":"closed","template":"","meta":{"footnotes":""},"_links":{"self":[{"href":"https:\/\/www.magrittemuseum.be\/index.php\/wp-json\/wp\/v2\/pages\/289"}],"collection":[{"href":"https:\/\/www.magrittemuseum.be\/index.php\/wp-json\/wp\/v2\/pages"}],"about":[{"href":"https:\/\/www.magrittemuseum.be\/index.php\/wp-json\/wp\/v2\/types\/page"}],"author":[{"embeddable":true,"href":"https:\/\/www.magrittemuseum.be\/index.php\/wp-json\/wp\/v2\/users\/1"}],"replies":[{"embeddable":true,"href":"https:\/\/www.magrittemuseum.be\/index.php\/wp-json\/wp\/v2\/comments?post=289"}],"version-history":[{"count":23,"href":"https:\/\/www.magrittemuseum.be\/index.php\/wp-json\/wp\/v2\/pages\/289\/revisions"}],"predecessor-version":[{"id":5656,"href":"https:\/\/www.magrittemuseum.be\/index.php\/wp-json\/wp\/v2\/pages\/289\/revisions\/5656"}],"wp:attachment":[{"href":"https:\/\/www.magrittemuseum.be\/index.php\/wp-json\/wp\/v2\/media?parent=289"}],"curies":[{"name":"wp","href":"https:\/\/api.w.org\/{rel}","templated":true}]}}

<p>Entrée gratuite pour les journalistes&nbsp;<strong>uniquement sur rendez-vous</strong>&nbsp;ou après prise de contact avec le <a href="mailto:info@magrittemuseum.be">service communication</a>.</p>



<div class="wp-block-media-text has-media-on-the-right is-stacked-on-mobile has-base-2-background-color has-background" style="grid-template-columns:auto 35%"><div class="wp-block-media-text__content">
<p>En guise de mise en bouche, l’un ou l’autre morceau choisi parmi les articles de presse parus sur le Musée René Magritte – Musée d’Art Abstrait :</p>



<div class="wp-block-buttons is-layout-flex wp-block-buttons-is-layout-flex">
<div class="wp-block-button has-custom-font-size" style="font-size:15px"><a class="wp-block-button__link wp-element-button" href="https://www.magrittemuseum.be/wp-content/uploads/2019/10/AAA.avril-08.page-3.pdf" style="border-radius:5px">Article Musée René Magritte &#8211; Page 1</a></div>



<div class="wp-block-button has-custom-font-size is-style-fill" style="font-size:15px"><a class="wp-block-button__link wp-element-button" href="https://www.magrittemuseum.be/wp-content/uploads/2019/10/AAA.avril-08.page-4.pdf" style="border-radius:5px">Page 2</a></div>



<div class="wp-block-button has-custom-font-size is-style-fill" style="font-size:15px"><a class="wp-block-button__link wp-element-button" href="https://www.rtbf.be/article/un-musee-d-art-abstrait-a-bruxelles-10362481" style="border-radius:5px">Article RTBF Musée d&rsquo;Art Abstrait</a></div>
</div>
</div><figure class="wp-block-media-text__media"><img loading="lazy" decoding="async" width="894" height="1024" src="https://www.magrittemuseum.be/wp-content/uploads/2025/05/32_DSC4283-1-scaled-e1747907480244-894x1024.jpg" alt="" class="wp-image-5655 size-full" srcset="https://www.magrittemuseum.be/wp-content/uploads/2025/05/32_DSC4283-1-scaled-e1747907480244-894x1024.jpg 894w, https://www.magrittemuseum.be/wp-content/uploads/2025/05/32_DSC4283-1-scaled-e1747907480244-262x300.jpg 262w, https://www.magrittemuseum.be/wp-content/uploads/2025/05/32_DSC4283-1-scaled-e1747907480244-768x880.jpg 768w, https://www.magrittemuseum.be/wp-content/uploads/2025/05/32_DSC4283-1-scaled-e1747907480244-1341x1536.jpg 1341w, https://www.magrittemuseum.be/wp-content/uploads/2025/05/32_DSC4283-1-scaled-e1747907480244.jpg 1501w" sizes="(max-width: 894px) 100vw, 894px" /></figure></div>



<p>Si vous désirez plus d’informations sur le Musée et/ou ses événements, merci d’adresser votre demande à&nbsp;<a href="mailto:info@magrittemuseum.be">info@magrittemuseum.be</a></p>



<p>Il est possible de filmer/photographier à l’intérieur du Musée, selon certaines conditions et uniquement sur rendez-vous.</p>



<p><strong>Toute demande concernant les droits de reproductions des œuvres de Magritte doit être faite auprès de la&nbsp;<a href="https://www.sabam.be/fr">SABAM</a>.</strong></p>

<p>Entrée gratuite pour les journalistes&nbsp;uniquement sur rendez-vous&nbsp;ou après prise de contact avec le service communication. Si vous désirez plus d’informations sur le Musée et/ou ses événements, merci d’adresser votre demande à&nbsp;info@magrittemuseum.be Il est possible de filmer/photographier à l’intérieur du Musée, selon certaines conditions et uniquement sur rendez-vous. Toute demande concernant les droits de reproductions des &#8230; <a title="Presse" class="read-more" href="https://www.magrittemuseum.be/index.php/fr/les-amis-du-mrm/" aria-label="En savoir plus sur Presse">Lire la suite</a></p>
