{"id":3842,"date":"2022-11-06T16:49:37","date_gmt":"2022-11-06T15:49:37","guid":{"rendered":"https:\/\/www.magrittemuseum.be\/?page_id=3842"},"modified":"2024-04-28T17:14:12","modified_gmt":"2024-04-28T15:14:12","slug":"expo-renee-demeester","status":"publish","type":"page","link":"https:\/\/www.magrittemuseum.be\/index.php\/nl\/bezoek\/tijdelijke-tentoonstellingen-2\/expo-renee-demeester\/","title":{"rendered":"EXPOSITIE REN\u00c9E DEMEESTER"},"content":{"rendered":"\n<figure class=\"wp-block-video aligncenter\"><video controls src=\"https:\/\/www.magrittemuseum.be\/wp-content\/uploads\/2022\/11\/Renee_Demeester-2.mp4\"><\/video><\/figure>\n\n\n\n<p><\/p>\n\n\n\n<div class=\"wp-block-group\"><div class=\"wp-block-group__inner-container is-layout-flow wp-block-group-is-layout-flow\">\n<div class=\"wp-block-columns is-layout-flex wp-container-core-columns-is-layout-1 wp-block-columns-is-layout-flex\">\n<div class=\"wp-block-column is-layout-flow wp-block-column-is-layout-flow\" style=\"flex-basis:100.2%\">\n<p class=\"has-text-align-left\"><em>Het Ren\u00e9 Magritte Museum \u2013 Museum voor Abstracte Kunst wijdt een solotentoonstelling aan Ren\u00e9e Demeester, die in april 2022 van ons is heengegaan. De expo \u201cAbstracte landschappen\u201d biedt de ideale gelegenheid om deze getalenteerde en discrete kunstenares beter te leren kennen. Binnen de Belgische abstracte kunst van de jaren 1960\u20131980 was ze immers een opmerkelijke figuur: een harde werkster met een eigen stijl en met een vormentaal die constant verder evolueerde.<\/em><br><\/p>\n<\/div>\n<\/div>\n<\/div><\/div>\n\n\n<div class=\"wp-block-image\">\n<figure class=\"aligncenter size-large\"><img loading=\"lazy\" decoding=\"async\" width=\"1024\" height=\"634\" src=\"https:\/\/www.magrittemuseum.be\/wp-content\/uploads\/2022\/11\/Garitte_Renee-Demeester0108_-De-Corte_bijgesneden2b-1-1024x634.png\" alt=\"\" class=\"wp-image-3938\" srcset=\"https:\/\/www.magrittemuseum.be\/wp-content\/uploads\/2022\/11\/Garitte_Renee-Demeester0108_-De-Corte_bijgesneden2b-1-1024x634.png 1024w, https:\/\/www.magrittemuseum.be\/wp-content\/uploads\/2022\/11\/Garitte_Renee-Demeester0108_-De-Corte_bijgesneden2b-1-300x186.png 300w, https:\/\/www.magrittemuseum.be\/wp-content\/uploads\/2022\/11\/Garitte_Renee-Demeester0108_-De-Corte_bijgesneden2b-1-768x475.png 768w, https:\/\/www.magrittemuseum.be\/wp-content\/uploads\/2022\/11\/Garitte_Renee-Demeester0108_-De-Corte_bijgesneden2b-1.png 1139w\" sizes=\"(max-width: 1024px) 100vw, 1024px\" \/><figcaption class=\"wp-element-caption\"><em>Ren\u00e9e Demeester, Valsent les \u00e9l\u00e9ments n\u00b02, olieverf op doek, 150 x 90 cm, 1972. <br>Coll. Museum voor Abstracte Kunst, Jette-Brussel. <\/em><\/figcaption><\/figure><\/div>\n\n\n<div class=\"wp-block-media-text alignwide is-stacked-on-mobile is-vertically-aligned-top\" style=\"grid-template-columns:49% auto\"><figure class=\"wp-block-media-text__media\"><img loading=\"lazy\" decoding=\"async\" width=\"700\" height=\"517\" src=\"https:\/\/www.magrittemuseum.be\/wp-content\/uploads\/2022\/11\/Garitte_Renee-Demeester074d.png\" alt=\"\" class=\"wp-image-3879 size-full\" srcset=\"https:\/\/www.magrittemuseum.be\/wp-content\/uploads\/2022\/11\/Garitte_Renee-Demeester074d.png 700w, https:\/\/www.magrittemuseum.be\/wp-content\/uploads\/2022\/11\/Garitte_Renee-Demeester074d-300x222.png 300w\" sizes=\"(max-width: 700px) 100vw, 700px\" \/><\/figure><div class=\"wp-block-media-text__content\">\n<p>Ren\u00e9e Demeester (1927\u20132022) brengt haar jeugd door in Congo. Op 25-jarige leeftijd zegt ze haar koloniale leven vaarwel om zich toe te leggen op teken- en schilderkunst. Ze ontmoet de latere beeldhouwer Marcel Arnould (1928\u20131974), met wie ze een complexe maar ook artistiek bevruchtende relatie opbouwt.<\/p>\n<\/div><\/div>\n\n\n\n<p>Het artistiek koppel Demeester-Arnould neemt actief deel aan het boh\u00e9mienleven in en rond Brussel van de jaren 1960. Hun vrienden zijn zowel de toenmalige surrealisten (Marcel Mari\u00ebn, Marcel Lecomte) als de abstracten (Victor Servranckx, Felix De Boeck), hun tweede voedingsbodem. Na de zelfdoding van Arnould zet Demeester haar carri\u00e8re moedig verder.<\/p>\n\n\n\n<div class=\"wp-block-media-text alignwide is-stacked-on-mobile\" style=\"grid-template-columns:52% auto\"><figure class=\"wp-block-media-text__media\"><img loading=\"lazy\" decoding=\"async\" width=\"890\" height=\"620\" src=\"https:\/\/www.magrittemuseum.be\/wp-content\/uploads\/2022\/11\/71.-1976-MAA-39b.png\" alt=\"\" class=\"wp-image-3877 size-full\" srcset=\"https:\/\/www.magrittemuseum.be\/wp-content\/uploads\/2022\/11\/71.-1976-MAA-39b.png 890w, https:\/\/www.magrittemuseum.be\/wp-content\/uploads\/2022\/11\/71.-1976-MAA-39b-300x209.png 300w, https:\/\/www.magrittemuseum.be\/wp-content\/uploads\/2022\/11\/71.-1976-MAA-39b-768x535.png 768w\" sizes=\"(max-width: 890px) 100vw, 890px\" \/><\/figure><div class=\"wp-block-media-text__content\">\n<p>De schilderkunst van Demeester is aanvankelijk stroef en somber, in de jaren zestig luchtiger en dynamischer, en in de jaren zeventig weergaloos. Haar werk fascineert dankzij vervormingen van de ruimte en nauwkeurig uitgevoerde kleurgradaties. <\/p>\n\n\n\n<p><\/p>\n<\/div><\/div>\n\n\n\n<p>Door bescheidenheid en onderschatting blijft Demeester lang onder de radar. Tot de geesten beginnen te rijpen en men beseft dat ze haar grote doel \u201ccr\u00e9er un autre monde\u201d ook effectief en op een uitmuntende manier waargemaakt heeft.<\/p>\n\n\n\n<p><\/p>\n\n\n\n<figure class=\"wp-block-pullquote\"><blockquote><p><em>\u00ab\u00a0Alles is ver weg en tegelijk dichtbij. Alles beweegt, en alles is immobiel. Dit is geen paradox, het is het mysterie waarmee we moeten leven.\u00a0\u00bb<\/em><\/p><cite>Ren\u00e9e Demeester, 1973<\/cite><\/blockquote><\/figure>\n\n\n\n<hr class=\"wp-block-separator has-alpha-channel-opacity\"\/>\n\n\n\n<div class=\"wp-block-media-text alignwide is-stacked-on-mobile is-vertically-aligned-top\" style=\"grid-template-columns:32% auto\"><figure class=\"wp-block-media-text__media\"><img decoding=\"async\" src=\"https:\/\/www.magrittemuseum.be\/wp-content\/uploads\/2022\/11\/Persdossier-NL-Expo-Demeester-918x1024.jpg\" alt=\"\" class=\"wp-image-3897 size-full\"\/><\/figure><div class=\"wp-block-media-text__content\">\n<p>Tot de tentoonstelling behoort ook een monografie. Aan de hand van ongepubliceerde teksten en foto&rsquo;s, en in samenwerking met haar familie, brengt het onderzoeksteam van het museum hulde aan een leven dat volledig gewijd was aan kunst. De monografie is rijkelijk ge\u00efllustreerd met schilderijen en tekeningen.<\/p>\n\n\n\n<p>Verkrijgbaar in het museum.<\/p>\n<\/div><\/div>\n\n\n\n<p>Concept: Andr\u00e9 Garitte, conservator  <br>Auteurs: Andr\u00e9 Garitte, Chlo\u00e9 Thibault, Stefan Wouters<br>184 pagina&rsquo;s, 80 kleurenreproducties<br>in co-publicatie met Pandora<br>Prijs: \u20ac 40<br>ISBN: 978-2-930532-04-2<\/p>\n\n\n\n<hr class=\"wp-block-separator has-alpha-channel-opacity\"\/>\n\n\n\n<figure class=\"wp-block-embed aligncenter is-type-rich is-provider-spotify wp-block-embed-spotify wp-embed-aspect-21-9 wp-has-aspect-ratio\"><div class=\"wp-block-embed__wrapper\">\n<iframe title=\"Spotify Embed: Ren\u00e9e Demeester, paysages abstraits\" style=\"border-radius: 12px\" width=\"100%\" height=\"352\" frameborder=\"0\" allowfullscreen allow=\"autoplay; clipboard-write; encrypted-media; fullscreen; picture-in-picture\" loading=\"lazy\" src=\"https:\/\/open.spotify.com\/embed\/playlist\/1VDtBvryxQCyhnvKzT6qv3?si=23f63781023e4053&#038;utm_source=oembed\"><\/iframe>\n<\/div><\/figure>\n\n\n\n<hr class=\"wp-block-separator has-alpha-channel-opacity is-style-wide\"\/>\n\n\n\n<div class=\"wp-block-group\"><div class=\"wp-block-group__inner-container is-layout-flow wp-block-group-is-layout-flow\">\n<div class=\"wp-block-columns is-layout-flex wp-container-core-columns-is-layout-2 wp-block-columns-is-layout-flex\">\n<div class=\"wp-block-column is-layout-flow wp-block-column-is-layout-flow\" style=\"flex-basis:100%\">\n<p>Met de steun van:<\/p>\n\n\n\n<figure class=\"wp-block-image size-large\"><img loading=\"lazy\" decoding=\"async\" width=\"1024\" height=\"434\" src=\"https:\/\/www.magrittemuseum.be\/wp-content\/uploads\/2022\/11\/Zeichenflache-1-1024x434.png\" alt=\"\" class=\"wp-image-3912\" srcset=\"https:\/\/www.magrittemuseum.be\/wp-content\/uploads\/2022\/11\/Zeichenflache-1-1024x434.png 1024w, https:\/\/www.magrittemuseum.be\/wp-content\/uploads\/2022\/11\/Zeichenflache-1-300x127.png 300w, https:\/\/www.magrittemuseum.be\/wp-content\/uploads\/2022\/11\/Zeichenflache-1-768x326.png 768w, https:\/\/www.magrittemuseum.be\/wp-content\/uploads\/2022\/11\/Zeichenflache-1-1260x534.png 1260w, https:\/\/www.magrittemuseum.be\/wp-content\/uploads\/2022\/11\/Zeichenflache-1.png 1394w\" sizes=\"(max-width: 1024px) 100vw, 1024px\" \/><\/figure>\n<\/div>\n<\/div>\n<\/div><\/div>\n\n\n\n<div class=\"wp-block-group\"><div class=\"wp-block-group__inner-container is-layout-flow wp-block-group-is-layout-flow\"><\/div><\/div>\n","protected":false},"excerpt":{"rendered":"<p>Het Ren\u00e9 Magritte Museum \u2013 Museum voor Abstracte Kunst wijdt een solotentoonstelling aan Ren\u00e9e Demeester, die in april 2022 van ons is heengegaan. De expo \u201cAbstracte landschappen\u201d biedt de ideale gelegenheid om deze getalenteerde en discrete kunstenares beter te leren kennen. Binnen de Belgische abstracte kunst van de jaren 1960\u20131980 was ze immers een opmerkelijke &#8230; <a title=\"EXPOSITIE REN\u00c9E DEMEESTER\" class=\"read-more\" href=\"https:\/\/www.magrittemuseum.be\/index.php\/nl\/bezoek\/tijdelijke-tentoonstellingen-2\/expo-renee-demeester\/\" aria-label=\"En savoir plus sur EXPOSITIE REN\u00c9E DEMEESTER\">Lire la suite<\/a><\/p>\n","protected":false},"author":1,"featured_media":0,"parent":277,"menu_order":0,"comment_status":"closed","ping_status":"closed","template":"","meta":{"footnotes":""},"_links":{"self":[{"href":"https:\/\/www.magrittemuseum.be\/index.php\/wp-json\/wp\/v2\/pages\/3842"}],"collection":[{"href":"https:\/\/www.magrittemuseum.be\/index.php\/wp-json\/wp\/v2\/pages"}],"about":[{"href":"https:\/\/www.magrittemuseum.be\/index.php\/wp-json\/wp\/v2\/types\/page"}],"author":[{"embeddable":true,"href":"https:\/\/www.magrittemuseum.be\/index.php\/wp-json\/wp\/v2\/users\/1"}],"replies":[{"embeddable":true,"href":"https:\/\/www.magrittemuseum.be\/index.php\/wp-json\/wp\/v2\/comments?post=3842"}],"version-history":[{"count":33,"href":"https:\/\/www.magrittemuseum.be\/index.php\/wp-json\/wp\/v2\/pages\/3842\/revisions"}],"predecessor-version":[{"id":4908,"href":"https:\/\/www.magrittemuseum.be\/index.php\/wp-json\/wp\/v2\/pages\/3842\/revisions\/4908"}],"up":[{"embeddable":true,"href":"https:\/\/www.magrittemuseum.be\/index.php\/wp-json\/wp\/v2\/pages\/277"}],"wp:attachment":[{"href":"https:\/\/www.magrittemuseum.be\/index.php\/wp-json\/wp\/v2\/media?parent=3842"}],"curies":[{"name":"wp","href":"https:\/\/api.w.org\/{rel}","templated":true}]}}

EXPOSITIE RENÉE DEMEESTER

<figure class="wp-block-video aligncenter"><video controls src="https://www.magrittemuseum.be/wp-content/uploads/2022/11/Renee_Demeester-2.mp4"></video></figure>



<p></p>



<div class="wp-block-group"><div class="wp-block-group__inner-container is-layout-flow wp-block-group-is-layout-flow">
<div class="wp-block-columns is-layout-flex wp-container-core-columns-is-layout-1 wp-block-columns-is-layout-flex">
<div class="wp-block-column is-layout-flow wp-block-column-is-layout-flow" style="flex-basis:100.2%">
<p class="has-text-align-left"><em>Het René Magritte Museum – Museum voor Abstracte Kunst wijdt een solotentoonstelling aan Renée Demeester, die in april 2022 van ons is heengegaan. De expo “Abstracte landschappen” biedt de ideale gelegenheid om deze getalenteerde en discrete kunstenares beter te leren kennen. Binnen de Belgische abstracte kunst van de jaren 1960–1980 was ze immers een opmerkelijke figuur: een harde werkster met een eigen stijl en met een vormentaal die constant verder evolueerde.</em><br></p>
</div>
</div>
</div></div>


<div class="wp-block-image">
<figure class="aligncenter size-large"><img loading="lazy" decoding="async" width="1024" height="634" src="https://www.magrittemuseum.be/wp-content/uploads/2022/11/Garitte_Renee-Demeester0108_-De-Corte_bijgesneden2b-1-1024x634.png" alt="" class="wp-image-3938" srcset="https://www.magrittemuseum.be/wp-content/uploads/2022/11/Garitte_Renee-Demeester0108_-De-Corte_bijgesneden2b-1-1024x634.png 1024w, https://www.magrittemuseum.be/wp-content/uploads/2022/11/Garitte_Renee-Demeester0108_-De-Corte_bijgesneden2b-1-300x186.png 300w, https://www.magrittemuseum.be/wp-content/uploads/2022/11/Garitte_Renee-Demeester0108_-De-Corte_bijgesneden2b-1-768x475.png 768w, https://www.magrittemuseum.be/wp-content/uploads/2022/11/Garitte_Renee-Demeester0108_-De-Corte_bijgesneden2b-1.png 1139w" sizes="(max-width: 1024px) 100vw, 1024px" /><figcaption class="wp-element-caption"><em>Renée Demeester, Valsent les éléments n°2, olieverf op doek, 150 x 90 cm, 1972. <br>Coll. Museum voor Abstracte Kunst, Jette-Brussel. </em></figcaption></figure></div>


<div class="wp-block-media-text alignwide is-stacked-on-mobile is-vertically-aligned-top" style="grid-template-columns:49% auto"><figure class="wp-block-media-text__media"><img loading="lazy" decoding="async" width="700" height="517" src="https://www.magrittemuseum.be/wp-content/uploads/2022/11/Garitte_Renee-Demeester074d.png" alt="" class="wp-image-3879 size-full" srcset="https://www.magrittemuseum.be/wp-content/uploads/2022/11/Garitte_Renee-Demeester074d.png 700w, https://www.magrittemuseum.be/wp-content/uploads/2022/11/Garitte_Renee-Demeester074d-300x222.png 300w" sizes="(max-width: 700px) 100vw, 700px" /></figure><div class="wp-block-media-text__content">
<p>Renée Demeester (1927–2022) brengt haar jeugd door in Congo. Op 25-jarige leeftijd zegt ze haar koloniale leven vaarwel om zich toe te leggen op teken- en schilderkunst. Ze ontmoet de latere beeldhouwer Marcel Arnould (1928–1974), met wie ze een complexe maar ook artistiek bevruchtende relatie opbouwt.</p>
</div></div>



<p>Het artistiek koppel Demeester-Arnould neemt actief deel aan het bohémienleven in en rond Brussel van de jaren 1960. Hun vrienden zijn zowel de toenmalige surrealisten (Marcel Mariën, Marcel Lecomte) als de abstracten (Victor Servranckx, Felix De Boeck), hun tweede voedingsbodem. Na de zelfdoding van Arnould zet Demeester haar carrière moedig verder.</p>



<div class="wp-block-media-text alignwide is-stacked-on-mobile" style="grid-template-columns:52% auto"><figure class="wp-block-media-text__media"><img loading="lazy" decoding="async" width="890" height="620" src="https://www.magrittemuseum.be/wp-content/uploads/2022/11/71.-1976-MAA-39b.png" alt="" class="wp-image-3877 size-full" srcset="https://www.magrittemuseum.be/wp-content/uploads/2022/11/71.-1976-MAA-39b.png 890w, https://www.magrittemuseum.be/wp-content/uploads/2022/11/71.-1976-MAA-39b-300x209.png 300w, https://www.magrittemuseum.be/wp-content/uploads/2022/11/71.-1976-MAA-39b-768x535.png 768w" sizes="(max-width: 890px) 100vw, 890px" /></figure><div class="wp-block-media-text__content">
<p>De schilderkunst van Demeester is aanvankelijk stroef en somber, in de jaren zestig luchtiger en dynamischer, en in de jaren zeventig weergaloos. Haar werk fascineert dankzij vervormingen van de ruimte en nauwkeurig uitgevoerde kleurgradaties. </p>



<p></p>
</div></div>



<p>Door bescheidenheid en onderschatting blijft Demeester lang onder de radar. Tot de geesten beginnen te rijpen en men beseft dat ze haar grote doel “créer un autre monde” ook effectief en op een uitmuntende manier waargemaakt heeft.</p>



<p></p>



<figure class="wp-block-pullquote"><blockquote><p><em>« Alles is ver weg en tegelijk dichtbij. Alles beweegt, en alles is immobiel. Dit is geen paradox, het is het mysterie waarmee we moeten leven. »</em></p><cite>Renée Demeester, 1973</cite></blockquote></figure>



<hr class="wp-block-separator has-alpha-channel-opacity"/>



<div class="wp-block-media-text alignwide is-stacked-on-mobile is-vertically-aligned-top" style="grid-template-columns:32% auto"><figure class="wp-block-media-text__media"><img decoding="async" src="https://www.magrittemuseum.be/wp-content/uploads/2022/11/Persdossier-NL-Expo-Demeester-918x1024.jpg" alt="" class="wp-image-3897 size-full"/></figure><div class="wp-block-media-text__content">
<p>Tot de tentoonstelling behoort ook een monografie. Aan de hand van ongepubliceerde teksten en foto&rsquo;s, en in samenwerking met haar familie, brengt het onderzoeksteam van het museum hulde aan een leven dat volledig gewijd was aan kunst. De monografie is rijkelijk geïllustreerd met schilderijen en tekeningen.</p>



<p>Verkrijgbaar in het museum.</p>
</div></div>



<p>Concept: André Garitte, conservator  <br>Auteurs: André Garitte, Chloé Thibault, Stefan Wouters<br>184 pagina&rsquo;s, 80 kleurenreproducties<br>in co-publicatie met Pandora<br>Prijs: € 40<br>ISBN: 978-2-930532-04-2</p>



<hr class="wp-block-separator has-alpha-channel-opacity"/>



<figure class="wp-block-embed aligncenter is-type-rich is-provider-spotify wp-block-embed-spotify wp-embed-aspect-21-9 wp-has-aspect-ratio"><div class="wp-block-embed__wrapper">
<iframe title="Spotify Embed: Renée Demeester, paysages abstraits" style="border-radius: 12px" width="100%" height="352" frameborder="0" allowfullscreen allow="autoplay; clipboard-write; encrypted-media; fullscreen; picture-in-picture" loading="lazy" src="https://open.spotify.com/embed/playlist/1VDtBvryxQCyhnvKzT6qv3?si=23f63781023e4053&#038;utm_source=oembed"></iframe>
</div></figure>



<hr class="wp-block-separator has-alpha-channel-opacity is-style-wide"/>



<div class="wp-block-group"><div class="wp-block-group__inner-container is-layout-flow wp-block-group-is-layout-flow">
<div class="wp-block-columns is-layout-flex wp-container-core-columns-is-layout-2 wp-block-columns-is-layout-flex">
<div class="wp-block-column is-layout-flow wp-block-column-is-layout-flow" style="flex-basis:100%">
<p>Met de steun van:</p>



<figure class="wp-block-image size-large"><img loading="lazy" decoding="async" width="1024" height="434" src="https://www.magrittemuseum.be/wp-content/uploads/2022/11/Zeichenflache-1-1024x434.png" alt="" class="wp-image-3912" srcset="https://www.magrittemuseum.be/wp-content/uploads/2022/11/Zeichenflache-1-1024x434.png 1024w, https://www.magrittemuseum.be/wp-content/uploads/2022/11/Zeichenflache-1-300x127.png 300w, https://www.magrittemuseum.be/wp-content/uploads/2022/11/Zeichenflache-1-768x326.png 768w, https://www.magrittemuseum.be/wp-content/uploads/2022/11/Zeichenflache-1-1260x534.png 1260w, https://www.magrittemuseum.be/wp-content/uploads/2022/11/Zeichenflache-1.png 1394w" sizes="(max-width: 1024px) 100vw, 1024px" /></figure>
</div>
</div>
</div></div>



<div class="wp-block-group"><div class="wp-block-group__inner-container is-layout-flow wp-block-group-is-layout-flow"></div></div>

<p>Het René Magritte Museum – Museum voor Abstracte Kunst wijdt een solotentoonstelling aan Renée Demeester, die in april 2022 van ons is heengegaan. De expo “Abstracte landschappen” biedt de ideale gelegenheid om deze getalenteerde en discrete kunstenares beter te leren kennen. Binnen de Belgische abstracte kunst van de jaren 1960–1980 was ze immers een opmerkelijke &#8230; <a title="EXPOSITIE RENÉE DEMEESTER" class="read-more" href="https://www.magrittemuseum.be/index.php/nl/bezoek/tijdelijke-tentoonstellingen-2/expo-renee-demeester/" aria-label="En savoir plus sur EXPOSITIE RENÉE DEMEESTER">Lire la suite</a></p>
