{"id":3948,"date":"2022-11-11T15:03:07","date_gmt":"2022-11-11T14:03:07","guid":{"rendered":"https:\/\/www.magrittemuseum.be\/?page_id=3948"},"modified":"2024-04-28T17:12:47","modified_gmt":"2024-04-28T15:12:47","slug":"expo-renee-demeester","status":"publish","type":"page","link":"https:\/\/www.magrittemuseum.be\/index.php\/fr\/visite\/expositions-temporaires-2\/expositions-temporaires\/expo-renee-demeester\/","title":{"rendered":"EXPOSITION REN\u00c9E DEMEESTER"},"content":{"rendered":"\n<figure class=\"wp-block-video aligncenter\"><video controls src=\"https:\/\/www.magrittemuseum.be\/wp-content\/uploads\/2022\/11\/Renee_Demeester-2-2.mp4\"><\/video><\/figure>\n\n\n\n<p><em>Le Mus\u00e9e Ren\u00e9 Magritte &#8211; Mus\u00e9e d&rsquo;Art Abstrait consacre une exposition personnelle \u00e0 Ren\u00e9e Demeester, qui nous a quitt\u00e9s en avril 2022. L\u2019exposition \u2018Paysages abstraits\u2019 donne l\u2019occasion au public de se familiariser avec cette artiste tout aussi talentueuse que discr\u00e8te. Figure remarquable de l&rsquo;Abstraction belge des ann\u00e9es 1960\/80, elle sut d\u00e9velopper son propre style et le faire \u00e9voluer.<\/em><\/p>\n\n\n\n<figure class=\"wp-block-image size-large\"><img loading=\"lazy\" decoding=\"async\" width=\"1024\" height=\"634\" src=\"https:\/\/www.magrittemuseum.be\/wp-content\/uploads\/2022\/11\/Garitte_Renee-Demeester0108_-De-Corte_bijgesneden2b-2-1024x634.png\" alt=\"\" class=\"wp-image-3953\" srcset=\"https:\/\/www.magrittemuseum.be\/wp-content\/uploads\/2022\/11\/Garitte_Renee-Demeester0108_-De-Corte_bijgesneden2b-2-1024x634.png 1024w, https:\/\/www.magrittemuseum.be\/wp-content\/uploads\/2022\/11\/Garitte_Renee-Demeester0108_-De-Corte_bijgesneden2b-2-300x186.png 300w, https:\/\/www.magrittemuseum.be\/wp-content\/uploads\/2022\/11\/Garitte_Renee-Demeester0108_-De-Corte_bijgesneden2b-2-768x475.png 768w, https:\/\/www.magrittemuseum.be\/wp-content\/uploads\/2022\/11\/Garitte_Renee-Demeester0108_-De-Corte_bijgesneden2b-2.png 1139w\" sizes=\"(max-width: 1024px) 100vw, 1024px\" \/><figcaption class=\"wp-element-caption\"><em>Ren\u00e9e Demeester, Valsent les \u00e9l\u00e9ments n\u00b02, huile sur toile, 150 x 90 cm, 1972.<br>Coll. Mus\u00e9e d&rsquo;Art Abstrait, Jette-Bruxelles.<\/em><\/figcaption><\/figure>\n\n\n\n<div class=\"wp-block-media-text alignwide is-stacked-on-mobile is-vertically-aligned-top\"><figure class=\"wp-block-media-text__media\"><img loading=\"lazy\" decoding=\"async\" width=\"700\" height=\"517\" src=\"https:\/\/www.magrittemuseum.be\/wp-content\/uploads\/2022\/11\/Garitte_Renee-Demeester074d-1.png\" alt=\"\" class=\"wp-image-3959 size-full\" srcset=\"https:\/\/www.magrittemuseum.be\/wp-content\/uploads\/2022\/11\/Garitte_Renee-Demeester074d-1.png 700w, https:\/\/www.magrittemuseum.be\/wp-content\/uploads\/2022\/11\/Garitte_Renee-Demeester074d-1-300x222.png 300w\" sizes=\"(max-width: 700px) 100vw, 700px\" \/><\/figure><div class=\"wp-block-media-text__content\">\n<p>N\u00e9e en 1927 au Congo, Ren\u00e9e Demeester s\u2019affranchit du confort d\u2019une vie coloniale pour se consacrer \u00e0 la peinture en 1952.  Elle rencontre le sculpteur Marcel Arnould (1928-1974), avec lequel elle noue une relation complexe mais artistiquement f\u00e9conde.<\/p>\n<\/div><\/div>\n\n\n\n<p>Durant les ann\u00e9es 1960, le couple Demeester-Arnould participe activement \u00e0 la vie boh\u00e8me de Bruxelles et ses environs. Leurs amis sont \u00e0 la fois les surr\u00e9alistes de l\u2018\u00e9poque (Marcel Mari\u00ebn, Marcel Lecomte) et les abstraits (Victor Servranckx, Felix De Boeck), leur deuxi\u00e8me terre nourrici\u00e8re. Apr\u00e8s le suicide d\u2018Arnould, Demeester poursuit courageusement sa carri\u00e8re.<\/p>\n\n\n\n<div class=\"wp-block-media-text alignwide is-stacked-on-mobile is-vertically-aligned-top\"><figure class=\"wp-block-media-text__media\"><img loading=\"lazy\" decoding=\"async\" width=\"890\" height=\"620\" src=\"https:\/\/www.magrittemuseum.be\/wp-content\/uploads\/2022\/11\/71.-1976-MAA-39b-1.png\" alt=\"\" class=\"wp-image-3966 size-full\" srcset=\"https:\/\/www.magrittemuseum.be\/wp-content\/uploads\/2022\/11\/71.-1976-MAA-39b-1.png 890w, https:\/\/www.magrittemuseum.be\/wp-content\/uploads\/2022\/11\/71.-1976-MAA-39b-1-300x209.png 300w, https:\/\/www.magrittemuseum.be\/wp-content\/uploads\/2022\/11\/71.-1976-MAA-39b-1-768x535.png 768w\" sizes=\"(max-width: 890px) 100vw, 890px\" \/><\/figure><div class=\"wp-block-media-text__content\">\n<p>La peinture de Demeester est d\u2018abord rigide et sombre, plus l\u00e9g\u00e8re et dynamique dans les ann\u00e9es 1960, et tout d\u2019un coup sans \u00e9quivalent et fascinante dans les ann\u00e9es 1970. Ren\u00e9e Demeester s\u00e9duit par la minutie de ses d\u00e9grad\u00e9s color\u00e9s et la distorsion spatiale de ses compositions.<\/p>\n<\/div><\/div>\n\n\n\n<p>La modestie et la sous-estimation la maintiennent longtemps sous les radars. Jusqu\u2018\u00e0 ce que les esprits commencent \u00e0 m\u00fbrir et que l\u2018on d\u00e9couvre soudainement qu\u2018elle a rempli d\u2019une excellente mani\u00e8re son grand objectif de \u00ab cr\u00e9er un autre monde \u00bb.<\/p>\n\n\n\n<figure class=\"wp-block-pullquote\"><blockquote><p><em>\u00ab\u00a0Tout est en m\u00eame temps lointain et proche. Tout bouge, et tout est au point fixe. Ce n\u2019est pas un paradoxe, c\u2019est le myst\u00e8re avec lequel il faut faire bon m\u00e9nage.\u00a0\u00bb<\/em><\/p><cite>Ren\u00e9e Demeester, 1973<\/cite><\/blockquote><\/figure>\n\n\n\n<hr class=\"wp-block-separator has-alpha-channel-opacity\"\/>\n\n\n\n<div class=\"wp-block-media-text alignwide is-stacked-on-mobile is-vertically-aligned-top\" style=\"grid-template-columns:30% auto\"><figure class=\"wp-block-media-text__media\"><img loading=\"lazy\" decoding=\"async\" width=\"918\" height=\"1024\" src=\"https:\/\/www.magrittemuseum.be\/wp-content\/uploads\/2022\/11\/Persdossier-NL-Expo-Demeester-2-918x1024.jpg\" alt=\"\" class=\"wp-image-3971 size-full\" srcset=\"https:\/\/www.magrittemuseum.be\/wp-content\/uploads\/2022\/11\/Persdossier-NL-Expo-Demeester-2-918x1024.jpg 918w, https:\/\/www.magrittemuseum.be\/wp-content\/uploads\/2022\/11\/Persdossier-NL-Expo-Demeester-2-269x300.jpg 269w, https:\/\/www.magrittemuseum.be\/wp-content\/uploads\/2022\/11\/Persdossier-NL-Expo-Demeester-2-768x857.jpg 768w, https:\/\/www.magrittemuseum.be\/wp-content\/uploads\/2022\/11\/Persdossier-NL-Expo-Demeester-2.jpg 963w\" sizes=\"(max-width: 918px) 100vw, 918px\" \/><\/figure><div class=\"wp-block-media-text__content\">\n<p>Dans le cadre de l&rsquo;exposition, une monographie a \u00e9t\u00e9 publi\u00e9e.  L&rsquo;ouvrage retrace le parcours de l&rsquo;artiste belge r\u00e9cemment disparue. R\u00e9alis\u00e9 par l&rsquo;\u00e9quipe du mus\u00e9e en collaboration avec sa famille, il d\u00e9voile une vie d\u00e9di\u00e9e \u00e0 l&rsquo;art, \u00e0 travers des textes et photographies in\u00e9dites. La moiti\u00e9 du catalogue pr\u00e9sente des illustrations en pleine page de peintures et dessins.<\/p>\n\n\n\n<p>Disponible au mus\u00e9e.<\/p>\n<\/div><\/div>\n\n\n\n<p>Conception: Andr\u00e9 Garitte, conservateur <br>Auteurs : Andr\u00e9 Garitte, Chlo\u00e9 Thibault, Stefan Wouters<br>184 pages, 80 reproductions couleurs<br>en co-\u00e9dition avec Pandora<br>Prix : 40\u20ac<br>ISBN : 978-2-930532-04-2<\/p>\n\n\n\n<hr class=\"wp-block-separator has-alpha-channel-opacity\"\/>\n\n\n\n<figure class=\"wp-block-embed aligncenter is-type-rich is-provider-spotify wp-block-embed-spotify wp-embed-aspect-21-9 wp-has-aspect-ratio\"><div class=\"wp-block-embed__wrapper\">\n<iframe title=\"Spotify Embed: Ren\u00e9e Demeester, paysages abstraits\" style=\"border-radius: 12px\" width=\"100%\" height=\"352\" frameborder=\"0\" allowfullscreen allow=\"autoplay; clipboard-write; encrypted-media; fullscreen; picture-in-picture\" loading=\"lazy\" src=\"https:\/\/open.spotify.com\/embed\/playlist\/1VDtBvryxQCyhnvKzT6qv3?si=fe09641ae3e44f1c&#038;utm_source=oembed\"><\/iframe>\n<\/div><\/figure>\n\n\n\n<hr class=\"wp-block-separator has-alpha-channel-opacity\"\/>\n\n\n\n<p>Avec le soutien de :<\/p>\n\n\n\n<figure class=\"wp-block-image size-large\"><img loading=\"lazy\" decoding=\"async\" width=\"1024\" height=\"434\" src=\"https:\/\/www.magrittemuseum.be\/wp-content\/uploads\/2022\/11\/sponsors-1024x434.png\" alt=\"\" class=\"wp-image-3968\" srcset=\"https:\/\/www.magrittemuseum.be\/wp-content\/uploads\/2022\/11\/sponsors-1024x434.png 1024w, https:\/\/www.magrittemuseum.be\/wp-content\/uploads\/2022\/11\/sponsors-300x127.png 300w, https:\/\/www.magrittemuseum.be\/wp-content\/uploads\/2022\/11\/sponsors-768x326.png 768w, https:\/\/www.magrittemuseum.be\/wp-content\/uploads\/2022\/11\/sponsors-1260x534.png 1260w, https:\/\/www.magrittemuseum.be\/wp-content\/uploads\/2022\/11\/sponsors.png 1394w\" sizes=\"(max-width: 1024px) 100vw, 1024px\" \/><\/figure>\n","protected":false},"excerpt":{"rendered":"<p>Le Mus\u00e9e Ren\u00e9 Magritte &#8211; Mus\u00e9e d&rsquo;Art Abstrait consacre une exposition personnelle \u00e0 Ren\u00e9e Demeester, qui nous a quitt\u00e9s en avril 2022. L\u2019exposition \u2018Paysages abstraits\u2019 donne l\u2019occasion au public de se familiariser avec cette artiste tout aussi talentueuse que discr\u00e8te. Figure remarquable de l&rsquo;Abstraction belge des ann\u00e9es 1960\/80, elle sut d\u00e9velopper son propre style et &#8230; <a title=\"EXPOSITION REN\u00c9E DEMEESTER\" class=\"read-more\" href=\"https:\/\/www.magrittemuseum.be\/index.php\/fr\/visite\/expositions-temporaires-2\/expositions-temporaires\/expo-renee-demeester\/\" aria-label=\"En savoir plus sur EXPOSITION REN\u00c9E DEMEESTER\">Lire la suite<\/a><\/p>\n","protected":false},"author":1,"featured_media":0,"parent":239,"menu_order":0,"comment_status":"closed","ping_status":"closed","template":"","meta":{"footnotes":""},"_links":{"self":[{"href":"https:\/\/www.magrittemuseum.be\/index.php\/wp-json\/wp\/v2\/pages\/3948"}],"collection":[{"href":"https:\/\/www.magrittemuseum.be\/index.php\/wp-json\/wp\/v2\/pages"}],"about":[{"href":"https:\/\/www.magrittemuseum.be\/index.php\/wp-json\/wp\/v2\/types\/page"}],"author":[{"embeddable":true,"href":"https:\/\/www.magrittemuseum.be\/index.php\/wp-json\/wp\/v2\/users\/1"}],"replies":[{"embeddable":true,"href":"https:\/\/www.magrittemuseum.be\/index.php\/wp-json\/wp\/v2\/comments?post=3948"}],"version-history":[{"count":17,"href":"https:\/\/www.magrittemuseum.be\/index.php\/wp-json\/wp\/v2\/pages\/3948\/revisions"}],"predecessor-version":[{"id":4906,"href":"https:\/\/www.magrittemuseum.be\/index.php\/wp-json\/wp\/v2\/pages\/3948\/revisions\/4906"}],"up":[{"embeddable":true,"href":"https:\/\/www.magrittemuseum.be\/index.php\/wp-json\/wp\/v2\/pages\/239"}],"wp:attachment":[{"href":"https:\/\/www.magrittemuseum.be\/index.php\/wp-json\/wp\/v2\/media?parent=3948"}],"curies":[{"name":"wp","href":"https:\/\/api.w.org\/{rel}","templated":true}]}}

EXPOSITION RENÉE DEMEESTER

<figure class="wp-block-video aligncenter"><video controls src="https://www.magrittemuseum.be/wp-content/uploads/2022/11/Renee_Demeester-2-2.mp4"></video></figure>



<p><em>Le Musée René Magritte &#8211; Musée d&rsquo;Art Abstrait consacre une exposition personnelle à Renée Demeester, qui nous a quittés en avril 2022. L’exposition ‘Paysages abstraits’ donne l’occasion au public de se familiariser avec cette artiste tout aussi talentueuse que discrète. Figure remarquable de l&rsquo;Abstraction belge des années 1960/80, elle sut développer son propre style et le faire évoluer.</em></p>



<figure class="wp-block-image size-large"><img loading="lazy" decoding="async" width="1024" height="634" src="https://www.magrittemuseum.be/wp-content/uploads/2022/11/Garitte_Renee-Demeester0108_-De-Corte_bijgesneden2b-2-1024x634.png" alt="" class="wp-image-3953" srcset="https://www.magrittemuseum.be/wp-content/uploads/2022/11/Garitte_Renee-Demeester0108_-De-Corte_bijgesneden2b-2-1024x634.png 1024w, https://www.magrittemuseum.be/wp-content/uploads/2022/11/Garitte_Renee-Demeester0108_-De-Corte_bijgesneden2b-2-300x186.png 300w, https://www.magrittemuseum.be/wp-content/uploads/2022/11/Garitte_Renee-Demeester0108_-De-Corte_bijgesneden2b-2-768x475.png 768w, https://www.magrittemuseum.be/wp-content/uploads/2022/11/Garitte_Renee-Demeester0108_-De-Corte_bijgesneden2b-2.png 1139w" sizes="(max-width: 1024px) 100vw, 1024px" /><figcaption class="wp-element-caption"><em>Renée Demeester, Valsent les éléments n°2, huile sur toile, 150 x 90 cm, 1972.<br>Coll. Musée d&rsquo;Art Abstrait, Jette-Bruxelles.</em></figcaption></figure>



<div class="wp-block-media-text alignwide is-stacked-on-mobile is-vertically-aligned-top"><figure class="wp-block-media-text__media"><img loading="lazy" decoding="async" width="700" height="517" src="https://www.magrittemuseum.be/wp-content/uploads/2022/11/Garitte_Renee-Demeester074d-1.png" alt="" class="wp-image-3959 size-full" srcset="https://www.magrittemuseum.be/wp-content/uploads/2022/11/Garitte_Renee-Demeester074d-1.png 700w, https://www.magrittemuseum.be/wp-content/uploads/2022/11/Garitte_Renee-Demeester074d-1-300x222.png 300w" sizes="(max-width: 700px) 100vw, 700px" /></figure><div class="wp-block-media-text__content">
<p>Née en 1927 au Congo, Renée Demeester s’affranchit du confort d’une vie coloniale pour se consacrer à la peinture en 1952.  Elle rencontre le sculpteur Marcel Arnould (1928-1974), avec lequel elle noue une relation complexe mais artistiquement féconde.</p>
</div></div>



<p>Durant les années 1960, le couple Demeester-Arnould participe activement à la vie bohème de Bruxelles et ses environs. Leurs amis sont à la fois les surréalistes de l‘époque (Marcel Mariën, Marcel Lecomte) et les abstraits (Victor Servranckx, Felix De Boeck), leur deuxième terre nourricière. Après le suicide d‘Arnould, Demeester poursuit courageusement sa carrière.</p>



<div class="wp-block-media-text alignwide is-stacked-on-mobile is-vertically-aligned-top"><figure class="wp-block-media-text__media"><img loading="lazy" decoding="async" width="890" height="620" src="https://www.magrittemuseum.be/wp-content/uploads/2022/11/71.-1976-MAA-39b-1.png" alt="" class="wp-image-3966 size-full" srcset="https://www.magrittemuseum.be/wp-content/uploads/2022/11/71.-1976-MAA-39b-1.png 890w, https://www.magrittemuseum.be/wp-content/uploads/2022/11/71.-1976-MAA-39b-1-300x209.png 300w, https://www.magrittemuseum.be/wp-content/uploads/2022/11/71.-1976-MAA-39b-1-768x535.png 768w" sizes="(max-width: 890px) 100vw, 890px" /></figure><div class="wp-block-media-text__content">
<p>La peinture de Demeester est d‘abord rigide et sombre, plus légère et dynamique dans les années 1960, et tout d’un coup sans équivalent et fascinante dans les années 1970. Renée Demeester séduit par la minutie de ses dégradés colorés et la distorsion spatiale de ses compositions.</p>
</div></div>



<p>La modestie et la sous-estimation la maintiennent longtemps sous les radars. Jusqu‘à ce que les esprits commencent à mûrir et que l‘on découvre soudainement qu‘elle a rempli d’une excellente manière son grand objectif de « créer un autre monde ».</p>



<figure class="wp-block-pullquote"><blockquote><p><em>« Tout est en même temps lointain et proche. Tout bouge, et tout est au point fixe. Ce n’est pas un paradoxe, c’est le mystère avec lequel il faut faire bon ménage. »</em></p><cite>Renée Demeester, 1973</cite></blockquote></figure>



<hr class="wp-block-separator has-alpha-channel-opacity"/>



<div class="wp-block-media-text alignwide is-stacked-on-mobile is-vertically-aligned-top" style="grid-template-columns:30% auto"><figure class="wp-block-media-text__media"><img loading="lazy" decoding="async" width="918" height="1024" src="https://www.magrittemuseum.be/wp-content/uploads/2022/11/Persdossier-NL-Expo-Demeester-2-918x1024.jpg" alt="" class="wp-image-3971 size-full" srcset="https://www.magrittemuseum.be/wp-content/uploads/2022/11/Persdossier-NL-Expo-Demeester-2-918x1024.jpg 918w, https://www.magrittemuseum.be/wp-content/uploads/2022/11/Persdossier-NL-Expo-Demeester-2-269x300.jpg 269w, https://www.magrittemuseum.be/wp-content/uploads/2022/11/Persdossier-NL-Expo-Demeester-2-768x857.jpg 768w, https://www.magrittemuseum.be/wp-content/uploads/2022/11/Persdossier-NL-Expo-Demeester-2.jpg 963w" sizes="(max-width: 918px) 100vw, 918px" /></figure><div class="wp-block-media-text__content">
<p>Dans le cadre de l&rsquo;exposition, une monographie a été publiée.  L&rsquo;ouvrage retrace le parcours de l&rsquo;artiste belge récemment disparue. Réalisé par l&rsquo;équipe du musée en collaboration avec sa famille, il dévoile une vie dédiée à l&rsquo;art, à travers des textes et photographies inédites. La moitié du catalogue présente des illustrations en pleine page de peintures et dessins.</p>



<p>Disponible au musée.</p>
</div></div>



<p>Conception: André Garitte, conservateur <br>Auteurs : André Garitte, Chloé Thibault, Stefan Wouters<br>184 pages, 80 reproductions couleurs<br>en co-édition avec Pandora<br>Prix : 40€<br>ISBN : 978-2-930532-04-2</p>



<hr class="wp-block-separator has-alpha-channel-opacity"/>



<figure class="wp-block-embed aligncenter is-type-rich is-provider-spotify wp-block-embed-spotify wp-embed-aspect-21-9 wp-has-aspect-ratio"><div class="wp-block-embed__wrapper">
<iframe title="Spotify Embed: Renée Demeester, paysages abstraits" style="border-radius: 12px" width="100%" height="352" frameborder="0" allowfullscreen allow="autoplay; clipboard-write; encrypted-media; fullscreen; picture-in-picture" loading="lazy" src="https://open.spotify.com/embed/playlist/1VDtBvryxQCyhnvKzT6qv3?si=fe09641ae3e44f1c&#038;utm_source=oembed"></iframe>
</div></figure>



<hr class="wp-block-separator has-alpha-channel-opacity"/>



<p>Avec le soutien de :</p>



<figure class="wp-block-image size-large"><img loading="lazy" decoding="async" width="1024" height="434" src="https://www.magrittemuseum.be/wp-content/uploads/2022/11/sponsors-1024x434.png" alt="" class="wp-image-3968" srcset="https://www.magrittemuseum.be/wp-content/uploads/2022/11/sponsors-1024x434.png 1024w, https://www.magrittemuseum.be/wp-content/uploads/2022/11/sponsors-300x127.png 300w, https://www.magrittemuseum.be/wp-content/uploads/2022/11/sponsors-768x326.png 768w, https://www.magrittemuseum.be/wp-content/uploads/2022/11/sponsors-1260x534.png 1260w, https://www.magrittemuseum.be/wp-content/uploads/2022/11/sponsors.png 1394w" sizes="(max-width: 1024px) 100vw, 1024px" /></figure>

<p>Le Musée René Magritte &#8211; Musée d&rsquo;Art Abstrait consacre une exposition personnelle à Renée Demeester, qui nous a quittés en avril 2022. L’exposition ‘Paysages abstraits’ donne l’occasion au public de se familiariser avec cette artiste tout aussi talentueuse que discrète. Figure remarquable de l&rsquo;Abstraction belge des années 1960/80, elle sut développer son propre style et &#8230; <a title="EXPOSITION RENÉE DEMEESTER" class="read-more" href="https://www.magrittemuseum.be/index.php/fr/visite/expositions-temporaires-2/expositions-temporaires/expo-renee-demeester/" aria-label="En savoir plus sur EXPOSITION RENÉE DEMEESTER">Lire la suite</a></p>
