{"id":397,"date":"2018-07-06T14:33:25","date_gmt":"2018-07-06T12:33:25","guid":{"rendered":"http:\/\/magrittel.cluster014.ovh.net\/magrittemuseum.be\/?page_id=397"},"modified":"2025-08-06T16:42:11","modified_gmt":"2025-08-06T14:42:11","slug":"publication-research","status":"publish","type":"page","link":"https:\/\/www.magrittemuseum.be\/index.php\/en\/visit\/publication-research\/","title":{"rendered":"Publication &#038; research"},"content":{"rendered":"\n<p>In addition to organising temporary exhibitions and activities for the public, the Ren\u00e9 Magritte Museum team regularly publishes works devoted to the artists in its collection.<\/p>\n\n\n\n<p>Anyone with a strong interest in modern art and abstraction in particular is welcome to apply. Please send us <a href=\"mailto:info@magrittemuseum.be\">an e-mail<\/a>.<\/p>\n\n\n\n<h2 class=\"wp-block-heading\"><em>Mus\u00e9e Ren\u00e9 Magritte (1999-2009) : 10 years<\/em><\/h2>\n\n\n\n<div class=\"wp-block-media-text is-stacked-on-mobile\" style=\"grid-template-columns:35% auto\"><figure class=\"wp-block-media-text__media\"><img loading=\"lazy\" decoding=\"async\" width=\"713\" height=\"1024\" src=\"https:\/\/www.magrittemuseum.be\/wp-content\/uploads\/2018\/07\/couverture10ans-2-713x1024.jpg\" alt=\"\" class=\"wp-image-452 size-full\" srcset=\"https:\/\/www.magrittemuseum.be\/wp-content\/uploads\/2018\/07\/couverture10ans-2-713x1024.jpg 713w, https:\/\/www.magrittemuseum.be\/wp-content\/uploads\/2018\/07\/couverture10ans-2-209x300.jpg 209w, https:\/\/www.magrittemuseum.be\/wp-content\/uploads\/2018\/07\/couverture10ans-2-768x1102.jpg 768w, https:\/\/www.magrittemuseum.be\/wp-content\/uploads\/2018\/07\/couverture10ans-2.jpg 864w\" sizes=\"(max-width: 713px) 100vw, 713px\" \/><\/figure><div class=\"wp-block-media-text__content\">\n<p>Andr\u00e9 Garitte, 64 p., Ed. Ren\u00e9 Magritte Museum\/Pandora, 2009.<\/p>\n\n\n\n<p><strong>Summary:<\/strong> Ten years of existence of the Ren\u00e9 Magritte Museum is a pivotal moment. This catalogue reveals the museum&rsquo;s past, present and future. The past as Magritte lived in his house and what he did with it (from 1930 to 1954). The present, with the evolution of the museum over these ten years (from 1999 to 2009). And the future, with plans to extend the museum in the next few years.<\/p>\n<\/div><\/div>\n\n\n\n<p><\/p>\n","protected":false},"excerpt":{"rendered":"<p>In addition to organising temporary exhibitions and activities for the public, the Ren\u00e9 Magritte Museum team regularly publishes works devoted to the artists in its collection. Anyone with a strong interest in modern art and abstraction in particular is welcome to apply. Please send us an e-mail. Mus\u00e9e Ren\u00e9 Magritte (1999-2009) : 10 years Andr\u00e9 &#8230; <a title=\"Publication &#038; research\" class=\"read-more\" href=\"https:\/\/www.magrittemuseum.be\/index.php\/en\/visit\/publication-research\/\" aria-label=\"En savoir plus sur Publication &#038; research\">Lire la suite<\/a><\/p>\n","protected":false},"author":1,"featured_media":0,"parent":86,"menu_order":4,"comment_status":"closed","ping_status":"closed","template":"","meta":{"footnotes":""},"_links":{"self":[{"href":"https:\/\/www.magrittemuseum.be\/index.php\/wp-json\/wp\/v2\/pages\/397"}],"collection":[{"href":"https:\/\/www.magrittemuseum.be\/index.php\/wp-json\/wp\/v2\/pages"}],"about":[{"href":"https:\/\/www.magrittemuseum.be\/index.php\/wp-json\/wp\/v2\/types\/page"}],"author":[{"embeddable":true,"href":"https:\/\/www.magrittemuseum.be\/index.php\/wp-json\/wp\/v2\/users\/1"}],"replies":[{"embeddable":true,"href":"https:\/\/www.magrittemuseum.be\/index.php\/wp-json\/wp\/v2\/comments?post=397"}],"version-history":[{"count":8,"href":"https:\/\/www.magrittemuseum.be\/index.php\/wp-json\/wp\/v2\/pages\/397\/revisions"}],"predecessor-version":[{"id":6055,"href":"https:\/\/www.magrittemuseum.be\/index.php\/wp-json\/wp\/v2\/pages\/397\/revisions\/6055"}],"up":[{"embeddable":true,"href":"https:\/\/www.magrittemuseum.be\/index.php\/wp-json\/wp\/v2\/pages\/86"}],"wp:attachment":[{"href":"https:\/\/www.magrittemuseum.be\/index.php\/wp-json\/wp\/v2\/media?parent=397"}],"curies":[{"name":"wp","href":"https:\/\/api.w.org\/{rel}","templated":true}]}}