{"id":4452,"date":"2023-11-05T13:05:59","date_gmt":"2023-11-05T12:05:59","guid":{"rendered":"https:\/\/www.magrittemuseum.be\/?page_id=4452"},"modified":"2025-05-25T17:25:23","modified_gmt":"2025-05-25T15:25:23","slug":"la-balade-de-loulou","status":"publish","type":"page","link":"https:\/\/www.magrittemuseum.be\/index.php\/fr\/la-balade-de-loulou\/","title":{"rendered":"La balade de Loulou"},"content":{"rendered":"<div class=\"wp-block-image\">\n<figure class=\"aligncenter size-large is-resized\"><img loading=\"lazy\" decoding=\"async\" width=\"717\" height=\"1024\" src=\"https:\/\/www.magrittemuseum.be\/wp-content\/uploads\/2023\/11\/CCF060722_0034-717x1024.jpg\" alt=\"\" class=\"wp-image-4469\" style=\"object-fit:cover;width:350px;height:500px\" srcset=\"https:\/\/www.magrittemuseum.be\/wp-content\/uploads\/2023\/11\/CCF060722_0034-717x1024.jpg 717w, https:\/\/www.magrittemuseum.be\/wp-content\/uploads\/2023\/11\/CCF060722_0034-210x300.jpg 210w, https:\/\/www.magrittemuseum.be\/wp-content\/uploads\/2023\/11\/CCF060722_0034-768x1097.jpg 768w, https:\/\/www.magrittemuseum.be\/wp-content\/uploads\/2023\/11\/CCF060722_0034-1076x1536.jpg 1076w, https:\/\/www.magrittemuseum.be\/wp-content\/uploads\/2023\/11\/CCF060722_0034.jpg 1220w\" sizes=\"(max-width: 717px) 100vw, 717px\" \/><figcaption class=\"wp-element-caption\">Ren\u00e9 &amp; Georgette Magritte, ca. 1930.<\/figcaption><\/figure><\/div>\n\n\n<p><\/p>\n\n\n\n<p><strong>FR :<\/strong> Magritte avait l&rsquo;habitude de sortir son chien tous les jours. Il disait d&rsquo;ailleurs de ce dernier qu&rsquo;il \u00e9tait un \u00ab\u00a0civilisateur\u00a0\u00bb parce qu&rsquo;il lui permettait d&rsquo;engager naturellement la conversation avec les gens qu&rsquo;il rencontrait. <\/p>\n\n\n\n<p>Si, comme Magritte, vous avez envie de d\u00e9couvrir le quartier Esseghem en vous promenant, le <em>parcours mosa\u00efque<\/em> est fait pour vous!<\/p>\n\n\n\n<p>En 2012, le Comit\u00e9 de quartier a remport\u00e9 le prix Bruocsella de Prom\u00e9th\u00e9a permettant la mise en \u0153uvre du projet \u00ab\u00a0Identit\u00e9s mosa\u00efques : hommage au surr\u00e9alisme belge\u00a0\u00bb. Les habitants du quartier ont r\u00e9alis\u00e9 plus d&rsquo;une soixantaine de dalles autour du surr\u00e9alisme, en partenariat avec notre mus\u00e9e et l&rsquo;atelier <em>Art Mosaico<\/em>. Ces dalles ont ensuite \u00e9t\u00e9 plac\u00e9es dans les rues de Jette.<\/p>\n\n\n\n<p>Pour les d\u00e9couvrir, nous vous proposons l&rsquo;itin\u00e9raire suivant : <\/p>\n\n\n\n<p>Pour obtenir le lien Google Maps du trajet, <a href=\"https:\/\/maps.app.goo.gl\/2Dr3yqG4ZMwKTRuH8\">cliquez ici<\/a>.<\/p>\n\n\n\n<div class=\"wp-block-group has-base-background-color has-background\"><div class=\"wp-block-group__inner-container is-layout-constrained wp-block-group-is-layout-constrained\">\n<p><strong>NL :<\/strong> Magritte wandelde elke dag met zijn hond. Hij noemde hem een &lsquo;beschavingshond&rsquo;, omdat hij door deze hond op een ongedwongen manier kon spreken met de mensen die hij ontmoette.<\/p>\n\n\n\n<p>Als je net als Magritte de wijk Esseghem wandelend wil ontdekken, dan is het moza\u00efek parcours iets voor jou!<\/p>\n\n\n\n<p>In 2012 won het wijkcomit\u00e9 de Bruocsella prijs van Prom\u00e9th\u00e9a voor het project \u00ab\u00a0Moza\u00efek Identiteiten: een eerbetoon aan het surrealisme in Belgi\u00eb\u00a0\u00bb. In samenwerking met ons museum en het atelier Art Mosaico cre\u00eberden buurtbewoners meer dan zestig moza\u00efektegels gebaseerd op het surrealisme. Deze tegels werden vervolgens in de straten van Jette geplaatst.<\/p>\n\n\n\n<p>Om de moza\u00efeken te ontdekken, stellen we bovenstaande route voor.<\/p>\n\n\n\n<p>Voor een link naar Google Maps, <a href=\"https:\/\/www.google.be\/maps\/dir\/Rue+Dansette+23,+1090+Jette\/50.8778459,4.3375033\/50.8764198,4.3383242\/50.8756596,4.336067\/50.878768,4.3364255\/50.8779734,4.3395359\/@50.877095,4.3345972,17z\/data=!4m13!4m12!1m5!1m1!1s0x47c3c3c6fb8759b7:0xa9e8cee52d8ba1cf!2m2!1d4.3345374!2d50.8768676!1m0!1m0!1m0!1m0!1m0!3e2?entry=ttu\">klik hier<\/a>.<\/p>\n<\/div><\/div>\n\n\n\n<p><strong>ENG : <\/strong>Magritte used to walk his dog every day. He used to call his dog a &lsquo;civiliser&rsquo;, because it enabled him to have a spontaneous conversation with the people he met.<\/p>\n\n\n\n<p>If, like Magritte, you want to discover the Esseghem district by food, the mosaic trail is for you!<\/p>\n\n\n\n<p>In 2012, the Neighbourhood Committee won the Bruocsella Prize of Prom\u00e9th\u00e9a for its project Mosaic Identities: a tribute to Belgian surrealism. In partnership with our museum and the Art Mosaico workshop, local residents created over sixty mosaic tiles based on surrealism. These tiles were then placed in the streets of Jette.<\/p>\n\n\n\n<p>To discover them, we suggest the itinerary above.<\/p>\n\n\n\n<p>For a Google Maps link, <a href=\"https:\/\/www.google.be\/maps\/dir\/Rue+Dansette+23,+1090+Jette\/50.8778459,4.3375033\/50.8764198,4.3383242\/50.8756596,4.336067\/50.878768,4.3364255\/50.8779734,4.3395359\/@50.877095,4.3345972,17z\/data=!4m13!4m12!1m5!1m1!1s0x47c3c3c6fb8759b7:0xa9e8cee52d8ba1cf!2m2!1d4.3345374!2d50.8768676!1m0!1m0!1m0!1m0!1m0!3e2?entry=ttu\">click here<\/a>.<\/p>\n\n\n<div class=\"wp-block-image\">\n<figure class=\"aligncenter size-full\"><img loading=\"lazy\" decoding=\"async\" width=\"949\" height=\"737\" src=\"https:\/\/www.magrittemuseum.be\/wp-content\/uploads\/2023\/11\/balade_loulou_plan2-1.jpg\" alt=\"\" class=\"wp-image-4462\" srcset=\"https:\/\/www.magrittemuseum.be\/wp-content\/uploads\/2023\/11\/balade_loulou_plan2-1.jpg 949w, https:\/\/www.magrittemuseum.be\/wp-content\/uploads\/2023\/11\/balade_loulou_plan2-1-300x233.jpg 300w, https:\/\/www.magrittemuseum.be\/wp-content\/uploads\/2023\/11\/balade_loulou_plan2-1-768x596.jpg 768w\" sizes=\"(max-width: 949px) 100vw, 949px\" \/><\/figure><\/div>","protected":false},"excerpt":{"rendered":"<p>FR : Magritte avait l&rsquo;habitude de sortir son chien tous les jours. Il disait d&rsquo;ailleurs de ce dernier qu&rsquo;il \u00e9tait un \u00ab\u00a0civilisateur\u00a0\u00bb parce qu&rsquo;il lui permettait d&rsquo;engager naturellement la conversation avec les gens qu&rsquo;il rencontrait. Si, comme Magritte, vous avez envie de d\u00e9couvrir le quartier Esseghem en vous promenant, le parcours mosa\u00efque est fait pour &#8230; <a title=\"La balade de Loulou\" class=\"read-more\" href=\"https:\/\/www.magrittemuseum.be\/index.php\/fr\/la-balade-de-loulou\/\" aria-label=\"En savoir plus sur La balade de Loulou\">Lire la suite<\/a><\/p>\n","protected":false},"author":1,"featured_media":0,"parent":0,"menu_order":0,"comment_status":"closed","ping_status":"closed","template":"","meta":{"footnotes":""},"_links":{"self":[{"href":"https:\/\/www.magrittemuseum.be\/index.php\/wp-json\/wp\/v2\/pages\/4452"}],"collection":[{"href":"https:\/\/www.magrittemuseum.be\/index.php\/wp-json\/wp\/v2\/pages"}],"about":[{"href":"https:\/\/www.magrittemuseum.be\/index.php\/wp-json\/wp\/v2\/types\/page"}],"author":[{"embeddable":true,"href":"https:\/\/www.magrittemuseum.be\/index.php\/wp-json\/wp\/v2\/users\/1"}],"replies":[{"embeddable":true,"href":"https:\/\/www.magrittemuseum.be\/index.php\/wp-json\/wp\/v2\/comments?post=4452"}],"version-history":[{"count":16,"href":"https:\/\/www.magrittemuseum.be\/index.php\/wp-json\/wp\/v2\/pages\/4452\/revisions"}],"predecessor-version":[{"id":5769,"href":"https:\/\/www.magrittemuseum.be\/index.php\/wp-json\/wp\/v2\/pages\/4452\/revisions\/5769"}],"wp:attachment":[{"href":"https:\/\/www.magrittemuseum.be\/index.php\/wp-json\/wp\/v2\/media?parent=4452"}],"curies":[{"name":"wp","href":"https:\/\/api.w.org\/{rel}","templated":true}]}}