{"id":6156,"date":"2026-03-08T11:17:27","date_gmt":"2026-03-08T10:17:27","guid":{"rendered":"https:\/\/www.magrittemuseum.be\/?page_id=6156"},"modified":"2026-04-11T12:14:27","modified_gmt":"2026-04-11T10:14:27","slug":"visite-guidee-ou-sont-les-femmes-le-25-03-26-a-1500","status":"publish","type":"page","link":"https:\/\/www.magrittemuseum.be\/index.php\/fr\/visite-guidee-ou-sont-les-femmes-le-25-03-26-a-1500\/","title":{"rendered":"Visite guid\u00e9e \u00ab\u00a0O\u00f9 sont les femmes?\u00a0\u00bb, le 27 mai \u00e0 15:00"},"content":{"rendered":"\n<div class=\"wp-block-media-text is-stacked-on-mobile is-vertically-aligned-top\"><figure class=\"wp-block-media-text__media\"><img loading=\"lazy\" decoding=\"async\" width=\"819\" height=\"1024\" src=\"https:\/\/www.magrittemuseum.be\/wp-content\/uploads\/2026\/03\/ou_sont_femmes-819x1024.jpg\" alt=\"\" class=\"wp-image-6157 size-full\" srcset=\"https:\/\/www.magrittemuseum.be\/wp-content\/uploads\/2026\/03\/ou_sont_femmes-819x1024.jpg 819w, https:\/\/www.magrittemuseum.be\/wp-content\/uploads\/2026\/03\/ou_sont_femmes-240x300.jpg 240w, https:\/\/www.magrittemuseum.be\/wp-content\/uploads\/2026\/03\/ou_sont_femmes-768x960.jpg 768w, https:\/\/www.magrittemuseum.be\/wp-content\/uploads\/2026\/03\/ou_sont_femmes.jpg 1080w\" sizes=\"(max-width: 819px) 100vw, 819px\" \/><\/figure><div class=\"wp-block-media-text__content\">\n<p>\u00ab\u00a0Pourquoi n&rsquo;y a-t-il pas eu de grandes artistes femmes ?\u00a0\u00bb Cette question, pos\u00e9e par l&rsquo;historienne de l&rsquo;art am\u00e9ricaine Linda Nochlin en 1971, a connu un retentissement consid\u00e9rable \u00e0 l&rsquo;\u00e9poque dans le champ de l&rsquo;histoire de l&rsquo;art. Avec cette question, Linda Nochlin interroge le manque de visibilit\u00e9 et de reconnaissance auquel font face les femmes artistes dans l&rsquo;enseignement de l&rsquo;histoire de l&rsquo;art, mais \u00e9galement les obstacles auxquels elles ont d\u00fb se confronter au cours de leur carri\u00e8re. En 2026, l&rsquo;int\u00e9r\u00eat pour ces questions est en constante \u00e9volution, mais le nombre d&rsquo;artistes femmes pr\u00e9sentes dans les collections mus\u00e9ales occidentales, ainsi que leur reconnaissance dans l&rsquo;enseignement de l&rsquo;histoire de l&rsquo;art, reste encore insuffisant.<\/p>\n\n\n\n<p><br>Qu&rsquo;en est-il au sein du Mus\u00e9e Ren\u00e9 Magritte &amp; Art Abstrait de Jette ? Venez d\u00e9couvrir les femmes artistes de nos collections ; leur production, leur histoire ainsi que leur contribution \u00e0 l&rsquo;histoire de l&rsquo;art du XXe si\u00e8cle.<\/p>\n\n\n\n<h2 class=\"wp-block-heading\">Informations pratiques<\/h2>\n\n\n\n<p>&#8211; Quand? Le mercredi 27 mai \u00e0 15h<br>&#8211; Dur\u00e9e : 45 min.<br>&#8211; Prix : compris dans votre ticket d\u2019entr\u00e9e<br>&#8211; Inscription obligatoire par email via <a href=\"mailto:reservation@magrittemuseum.be\">reservation@magrittemuseum.be<\/a><\/p>\n\n\n\n<p>\/!\\ Le nombre de places est limit\u00e9.<\/p>\n<\/div><\/div>\n","protected":false},"excerpt":{"rendered":"<p>\u00ab\u00a0Pourquoi n&rsquo;y a-t-il pas eu de grandes artistes femmes ?\u00a0\u00bb Cette question, pos\u00e9e par l&rsquo;historienne de l&rsquo;art am\u00e9ricaine Linda Nochlin en 1971, a connu un retentissement consid\u00e9rable \u00e0 l&rsquo;\u00e9poque dans le champ de l&rsquo;histoire de l&rsquo;art. Avec cette question, Linda Nochlin interroge le manque de visibilit\u00e9 et de reconnaissance auquel font face les femmes artistes &#8230; <a title=\"Visite guid\u00e9e \u00ab\u00a0O\u00f9 sont les femmes?\u00a0\u00bb, le 27 mai \u00e0 15:00\" class=\"read-more\" href=\"https:\/\/www.magrittemuseum.be\/index.php\/fr\/visite-guidee-ou-sont-les-femmes-le-25-03-26-a-1500\/\" aria-label=\"En savoir plus sur Visite guid\u00e9e \u00ab\u00a0O\u00f9 sont les femmes?\u00a0\u00bb, le 27 mai \u00e0 15:00\">Lire la suite<\/a><\/p>\n","protected":false},"author":1,"featured_media":0,"parent":0,"menu_order":0,"comment_status":"closed","ping_status":"closed","template":"","meta":{"footnotes":""},"_links":{"self":[{"href":"https:\/\/www.magrittemuseum.be\/index.php\/wp-json\/wp\/v2\/pages\/6156"}],"collection":[{"href":"https:\/\/www.magrittemuseum.be\/index.php\/wp-json\/wp\/v2\/pages"}],"about":[{"href":"https:\/\/www.magrittemuseum.be\/index.php\/wp-json\/wp\/v2\/types\/page"}],"author":[{"embeddable":true,"href":"https:\/\/www.magrittemuseum.be\/index.php\/wp-json\/wp\/v2\/users\/1"}],"replies":[{"embeddable":true,"href":"https:\/\/www.magrittemuseum.be\/index.php\/wp-json\/wp\/v2\/comments?post=6156"}],"version-history":[{"count":4,"href":"https:\/\/www.magrittemuseum.be\/index.php\/wp-json\/wp\/v2\/pages\/6156\/revisions"}],"predecessor-version":[{"id":6207,"href":"https:\/\/www.magrittemuseum.be\/index.php\/wp-json\/wp\/v2\/pages\/6156\/revisions\/6207"}],"wp:attachment":[{"href":"https:\/\/www.magrittemuseum.be\/index.php\/wp-json\/wp\/v2\/media?parent=6156"}],"curies":[{"name":"wp","href":"https:\/\/api.w.org\/{rel}","templated":true}]}}