{"id":639,"date":"2018-11-15T11:36:16","date_gmt":"2018-11-15T10:36:16","guid":{"rendered":"http:\/\/www.magrittemuseum.be\/?page_id=639"},"modified":"2025-06-05T17:54:37","modified_gmt":"2025-06-05T15:54:37","slug":"639-2","status":"publish","type":"page","link":"https:\/\/www.magrittemuseum.be\/index.php\/fr\/639-2\/","title":{"rendered":"Parrains-M\u00e9c\u00e8nes"},"content":{"rendered":"\n<p>L&rsquo;ASBL Mus\u00e9e Ren\u00e9 Magritte et Mus\u00e9e d&rsquo;Art Abstrait tient \u00e0 remercier :<\/p>\n\n\n\n<p class=\"has-text-align-left\"><strong>Nos institutions partenaires <\/strong><\/p>\n\n\n\n<div class=\"wp-block-group is-nowrap is-layout-flex wp-container-core-group-is-layout-1 wp-block-group-is-layout-flex\">\n<figure class=\"wp-block-image size-large is-resized\"><a href=\"https:\/\/www.jette.brussels\/fr\"><img loading=\"lazy\" decoding=\"async\" width=\"1024\" height=\"1024\" src=\"https:\/\/www.magrittemuseum.be\/wp-content\/uploads\/2024\/07\/Logo-Jette-2020-groot-1024x1024.png\" alt=\"\" class=\"wp-image-5232\" style=\"width:auto;height:75px\" srcset=\"https:\/\/www.magrittemuseum.be\/wp-content\/uploads\/2024\/07\/Logo-Jette-2020-groot-1024x1024.png 1024w, https:\/\/www.magrittemuseum.be\/wp-content\/uploads\/2024\/07\/Logo-Jette-2020-groot-300x300.png 300w, https:\/\/www.magrittemuseum.be\/wp-content\/uploads\/2024\/07\/Logo-Jette-2020-groot-150x150.png 150w, https:\/\/www.magrittemuseum.be\/wp-content\/uploads\/2024\/07\/Logo-Jette-2020-groot-768x768.png 768w, https:\/\/www.magrittemuseum.be\/wp-content\/uploads\/2024\/07\/Logo-Jette-2020-groot-1536x1536.png 1536w, https:\/\/www.magrittemuseum.be\/wp-content\/uploads\/2024\/07\/Logo-Jette-2020-groot-2048x2048.png 2048w, https:\/\/www.magrittemuseum.be\/wp-content\/uploads\/2024\/07\/Logo-Jette-2020-groot-1260x1260.png 1260w, https:\/\/www.magrittemuseum.be\/wp-content\/uploads\/2024\/07\/Logo-Jette-2020-groot-140x140.png 140w\" sizes=\"(max-width: 1024px) 100vw, 1024px\" \/><\/a><\/figure>\n\n\n\n<figure class=\"wp-block-image size-full is-resized\"><a href=\"https:\/\/be.brussels\/fr\"><img loading=\"lazy\" decoding=\"async\" width=\"600\" height=\"345\" src=\"https:\/\/www.magrittemuseum.be\/wp-content\/uploads\/2024\/07\/Be_Brussels_logo_full.svg_.png\" alt=\"\" class=\"wp-image-5234\" style=\"width:auto;height:75px\" srcset=\"https:\/\/www.magrittemuseum.be\/wp-content\/uploads\/2024\/07\/Be_Brussels_logo_full.svg_.png 600w, https:\/\/www.magrittemuseum.be\/wp-content\/uploads\/2024\/07\/Be_Brussels_logo_full.svg_-300x173.png 300w\" sizes=\"(max-width: 600px) 100vw, 600px\" \/><\/a><\/figure>\n\n\n\n<figure class=\"wp-block-image size-full is-resized\"><a href=\"https:\/\/www.federation-wallonie-bruxelles.be\/\"><img loading=\"lazy\" decoding=\"async\" width=\"467\" height=\"500\" src=\"https:\/\/www.magrittemuseum.be\/wp-content\/uploads\/2024\/07\/Federation-Wallonie-Bruxelles-logo-blanc.png\" alt=\"\" class=\"wp-image-5235\" style=\"width:auto;height:75px\" srcset=\"https:\/\/www.magrittemuseum.be\/wp-content\/uploads\/2024\/07\/Federation-Wallonie-Bruxelles-logo-blanc.png 467w, https:\/\/www.magrittemuseum.be\/wp-content\/uploads\/2024\/07\/Federation-Wallonie-Bruxelles-logo-blanc-280x300.png 280w\" sizes=\"(max-width: 467px) 100vw, 467px\" \/><\/a><\/figure>\n\n\n\n<figure class=\"wp-block-image size-full is-resized\"><a href=\"https:\/\/www.vlaanderen.be\/\"><img loading=\"lazy\" decoding=\"async\" width=\"823\" height=\"347\" src=\"https:\/\/www.magrittemuseum.be\/wp-content\/uploads\/2024\/07\/kisspng-vlaamse-overheid-flemish-brussels-herman-teirlinck-belgium-team-5b330fbc025205.1757609815300730200095.png\" alt=\"\" class=\"wp-image-5236\" style=\"width:auto;height:75px\" srcset=\"https:\/\/www.magrittemuseum.be\/wp-content\/uploads\/2024\/07\/kisspng-vlaamse-overheid-flemish-brussels-herman-teirlinck-belgium-team-5b330fbc025205.1757609815300730200095.png 823w, https:\/\/www.magrittemuseum.be\/wp-content\/uploads\/2024\/07\/kisspng-vlaamse-overheid-flemish-brussels-herman-teirlinck-belgium-team-5b330fbc025205.1757609815300730200095-300x126.png 300w, https:\/\/www.magrittemuseum.be\/wp-content\/uploads\/2024\/07\/kisspng-vlaamse-overheid-flemish-brussels-herman-teirlinck-belgium-team-5b330fbc025205.1757609815300730200095-768x324.png 768w\" sizes=\"(max-width: 823px) 100vw, 823px\" \/><\/a><\/figure>\n\n\n\n<figure class=\"wp-block-image size-large is-resized\"><a href=\"https:\/\/www.loterie-nationale.be\/bien-plus-que-jouer\/bonnes-causes\"><img loading=\"lazy\" decoding=\"async\" width=\"1024\" height=\"425\" src=\"https:\/\/www.magrittemuseum.be\/wp-content\/uploads\/2024\/07\/Logo_Loterie_Horizontal_SAFEZONE_BASELINE_FR_RGB-1024x425.png\" alt=\"\" class=\"wp-image-5238\" style=\"width:auto;height:75px\" srcset=\"https:\/\/www.magrittemuseum.be\/wp-content\/uploads\/2024\/07\/Logo_Loterie_Horizontal_SAFEZONE_BASELINE_FR_RGB-1024x425.png 1024w, https:\/\/www.magrittemuseum.be\/wp-content\/uploads\/2024\/07\/Logo_Loterie_Horizontal_SAFEZONE_BASELINE_FR_RGB-300x125.png 300w, https:\/\/www.magrittemuseum.be\/wp-content\/uploads\/2024\/07\/Logo_Loterie_Horizontal_SAFEZONE_BASELINE_FR_RGB-768x319.png 768w, https:\/\/www.magrittemuseum.be\/wp-content\/uploads\/2024\/07\/Logo_Loterie_Horizontal_SAFEZONE_BASELINE_FR_RGB-1536x638.png 1536w, https:\/\/www.magrittemuseum.be\/wp-content\/uploads\/2024\/07\/Logo_Loterie_Horizontal_SAFEZONE_BASELINE_FR_RGB-2048x851.png 2048w, https:\/\/www.magrittemuseum.be\/wp-content\/uploads\/2024\/07\/Logo_Loterie_Horizontal_SAFEZONE_BASELINE_FR_RGB-1260x523.png 1260w\" sizes=\"(max-width: 1024px) 100vw, 1024px\" \/><\/a><\/figure>\n<\/div>\n\n\n<p style=\"text-align: left;\"><strong>Nos partenaires promotionnels<\/strong><\/p>\n<p><a href=\"https:\/\/www.brusselsmuseums.be\/en\/museums\/rene-magritte-museum\"><img loading=\"lazy\" decoding=\"async\" class=\"alignnone wp-image-4217\" src=\"https:\/\/www.magrittemuseum.be\/wp-content\/uploads\/2023\/09\/banner4-2-1024x109-1.png\" alt=\"\" width=\"63\" height=\"75\" \/><\/a><a href=\"https:\/\/www.uitinvlaanderen.be\/agenda\/o\/rene-magritte-museum-museum-voor-abstracte-kunst\/89a56f3f-a918-40c6-9546-bb0327912c52\"><img loading=\"lazy\" decoding=\"async\" class=\"alignnone wp-image-4223\" src=\"https:\/\/www.magrittemuseum.be\/wp-content\/uploads\/2023\/09\/5-1.png\" alt=\"\" width=\"148\" height=\"75\" \/><\/a><a href=\"https:\/\/fr.tripadvisor.be\/Attraction_Review-g950784-d245984-Reviews-Rene_Magritte_Museum_Museum_of_Abstract_Art-Jette_Brussels.html\"><img loading=\"lazy\" decoding=\"async\" class=\"alignnone wp-image-4219\" src=\"https:\/\/www.magrittemuseum.be\/wp-content\/uploads\/2023\/09\/2.png\" alt=\"\" width=\"82\" height=\"75\" \/><\/a><a href=\"https:\/\/www.visit.brussels\/fr\/visiteurs\/venue-details.Musee-d-Art-Abstrait.274301\"><img loading=\"lazy\" decoding=\"async\" class=\"alignnone wp-image-4221\" src=\"https:\/\/www.magrittemuseum.be\/wp-content\/uploads\/2023\/09\/4-300x96.png\" alt=\"\" width=\"188\" height=\"60\" srcset=\"https:\/\/www.magrittemuseum.be\/wp-content\/uploads\/2023\/09\/4-300x96.png 300w, https:\/\/www.magrittemuseum.be\/wp-content\/uploads\/2023\/09\/4.png 341w\" sizes=\"(max-width: 188px) 100vw, 188px\" \/><\/a><a href=\"https:\/\/www.kayak.fr\/Brussels.32869.guide\"><img loading=\"lazy\" decoding=\"async\" class=\"alignnone wp-image-4220\" src=\"https:\/\/www.magrittemuseum.be\/wp-content\/uploads\/2023\/09\/3-300x101.png\" alt=\"\" width=\"178\" height=\"60\" srcset=\"https:\/\/www.magrittemuseum.be\/wp-content\/uploads\/2023\/09\/3-300x101.png 300w, https:\/\/www.magrittemuseum.be\/wp-content\/uploads\/2023\/09\/3.png 323w\" sizes=\"(max-width: 178px) 100vw, 178px\" \/><\/a><\/p>\n<p style=\"text-align: left;\"><strong>Nos parrains m\u00e9c\u00e8nes<\/strong><\/p>\n<p style=\"text-align: left;\">Karsten De Clerck, Tony Mary, Filip Moeykens, Christophe Plumier, Eddy Van Gelder<\/p>\n<p style=\"text-align: left;\"><strong>Nos sponsors et g\u00e9n\u00e9reux donateurs\u00a0<\/strong><\/p>\n<p style=\"text-align: left;\">\u00a0<img loading=\"lazy\" decoding=\"async\" class=\"alignnone wp-image-1244\" src=\"http:\/\/www.magrittemuseum.be\/wp-content\/uploads\/2019\/11\/bosspaintsRR-1.png\" alt=\"\" width=\"193\" height=\"50\" srcset=\"https:\/\/www.magrittemuseum.be\/wp-content\/uploads\/2019\/11\/bosspaintsRR-1.png 495w, https:\/\/www.magrittemuseum.be\/wp-content\/uploads\/2019\/11\/bosspaintsRR-1-300x78.png 300w\" sizes=\"(max-width: 193px) 100vw, 193px\" \/> <img loading=\"lazy\" decoding=\"async\" class=\"alignnone wp-image-1245\" src=\"http:\/\/www.magrittemuseum.be\/wp-content\/uploads\/2019\/11\/d-tral-logo-beveiliging-1.jpg\" alt=\"\" width=\"135\" height=\"50\" \/> <img loading=\"lazy\" decoding=\"async\" class=\"alignnone wp-image-1246\" src=\"http:\/\/www.magrittemuseum.be\/wp-content\/uploads\/2019\/11\/logo_brioval-1.png\" alt=\"\" width=\"99\" height=\"50\" \/> <img loading=\"lazy\" decoding=\"async\" class=\"alignnone wp-image-1247\" src=\"http:\/\/www.magrittemuseum.be\/wp-content\/uploads\/2019\/11\/logo_credimo-1.png\" alt=\"\" width=\"76\" height=\"50\" srcset=\"https:\/\/www.magrittemuseum.be\/wp-content\/uploads\/2019\/11\/logo_credimo-1.png 440w, https:\/\/www.magrittemuseum.be\/wp-content\/uploads\/2019\/11\/logo_credimo-1-300x196.png 300w\" sizes=\"(max-width: 76px) 100vw, 76px\" \/>\u00a0<\/p>\n<p style=\"text-align: left;\">Art Deco Society, Etienne Boumans, Dimitri Buytaert, Roland Damsin, Alexander Debreucker, Michel De Rouck, Jean Philip De Tender, Bas Dorren, Nicole et Guy Buytaert-Garitte, Sven Gatz, Isabelle Gerard, Ren\u00e9 Jeanmart, Immayer SA , K-Bridge, Fr\u00e9d\u00e9ric Lambeau, Thomas Leysen, Maurice Meyer, Harold Nyssens, Chantal No\u00e9, Indirah Osumba, Geert Robberechts, Emmanuel Roger France, Guy Vandebon, Michel Van der Eecken, Freddy van den Spiegel, Mich\u00e8le Vandroogenbroeck, Johny Van Steen, VOKA, L\u00e9on Wuidar.<\/p>\n\n\n<p><\/p>\n","protected":false},"excerpt":{"rendered":"<p>L&rsquo;ASBL Mus\u00e9e Ren\u00e9 Magritte et Mus\u00e9e d&rsquo;Art Abstrait tient \u00e0 remercier : Nos institutions partenaires Nos partenaires promotionnels Nos parrains m\u00e9c\u00e8nes Karsten De Clerck, Tony Mary, Filip Moeykens, Christophe Plumier, Eddy Van Gelder Nos sponsors et g\u00e9n\u00e9reux donateurs\u00a0 \u00a0 \u00a0 Art Deco Society, Etienne Boumans, Dimitri Buytaert, Roland Damsin, Alexander Debreucker, Michel De Rouck, Jean &#8230; <a title=\"Parrains-M\u00e9c\u00e8nes\" class=\"read-more\" href=\"https:\/\/www.magrittemuseum.be\/index.php\/fr\/639-2\/\" aria-label=\"En savoir plus sur Parrains-M\u00e9c\u00e8nes\">Lire la suite<\/a><\/p>\n","protected":false},"author":1,"featured_media":0,"parent":0,"menu_order":5,"comment_status":"closed","ping_status":"closed","template":"","meta":{"footnotes":""},"_links":{"self":[{"href":"https:\/\/www.magrittemuseum.be\/index.php\/wp-json\/wp\/v2\/pages\/639"}],"collection":[{"href":"https:\/\/www.magrittemuseum.be\/index.php\/wp-json\/wp\/v2\/pages"}],"about":[{"href":"https:\/\/www.magrittemuseum.be\/index.php\/wp-json\/wp\/v2\/types\/page"}],"author":[{"embeddable":true,"href":"https:\/\/www.magrittemuseum.be\/index.php\/wp-json\/wp\/v2\/users\/1"}],"replies":[{"embeddable":true,"href":"https:\/\/www.magrittemuseum.be\/index.php\/wp-json\/wp\/v2\/comments?post=639"}],"version-history":[{"count":30,"href":"https:\/\/www.magrittemuseum.be\/index.php\/wp-json\/wp\/v2\/pages\/639\/revisions"}],"predecessor-version":[{"id":5817,"href":"https:\/\/www.magrittemuseum.be\/index.php\/wp-json\/wp\/v2\/pages\/639\/revisions\/5817"}],"wp:attachment":[{"href":"https:\/\/www.magrittemuseum.be\/index.php\/wp-json\/wp\/v2\/media?parent=639"}],"curies":[{"name":"wp","href":"https:\/\/api.w.org\/{rel}","templated":true}]}}

Parrains-Mécènes

<p>L&rsquo;ASBL Musée René Magritte et Musée d&rsquo;Art Abstrait tient à remercier :</p>



<p class="has-text-align-left"><strong>Nos institutions partenaires </strong></p>



<div class="wp-block-group is-nowrap is-layout-flex wp-container-core-group-is-layout-1 wp-block-group-is-layout-flex">
<figure class="wp-block-image size-large is-resized"><a href="https://www.jette.brussels/fr"><img loading="lazy" decoding="async" width="1024" height="1024" src="https://www.magrittemuseum.be/wp-content/uploads/2024/07/Logo-Jette-2020-groot-1024x1024.png" alt="" class="wp-image-5232" style="width:auto;height:75px" srcset="https://www.magrittemuseum.be/wp-content/uploads/2024/07/Logo-Jette-2020-groot-1024x1024.png 1024w, https://www.magrittemuseum.be/wp-content/uploads/2024/07/Logo-Jette-2020-groot-300x300.png 300w, https://www.magrittemuseum.be/wp-content/uploads/2024/07/Logo-Jette-2020-groot-150x150.png 150w, https://www.magrittemuseum.be/wp-content/uploads/2024/07/Logo-Jette-2020-groot-768x768.png 768w, https://www.magrittemuseum.be/wp-content/uploads/2024/07/Logo-Jette-2020-groot-1536x1536.png 1536w, https://www.magrittemuseum.be/wp-content/uploads/2024/07/Logo-Jette-2020-groot-2048x2048.png 2048w, https://www.magrittemuseum.be/wp-content/uploads/2024/07/Logo-Jette-2020-groot-1260x1260.png 1260w, https://www.magrittemuseum.be/wp-content/uploads/2024/07/Logo-Jette-2020-groot-140x140.png 140w" sizes="(max-width: 1024px) 100vw, 1024px" /></a></figure>



<figure class="wp-block-image size-full is-resized"><a href="https://be.brussels/fr"><img loading="lazy" decoding="async" width="600" height="345" src="https://www.magrittemuseum.be/wp-content/uploads/2024/07/Be_Brussels_logo_full.svg_.png" alt="" class="wp-image-5234" style="width:auto;height:75px" srcset="https://www.magrittemuseum.be/wp-content/uploads/2024/07/Be_Brussels_logo_full.svg_.png 600w, https://www.magrittemuseum.be/wp-content/uploads/2024/07/Be_Brussels_logo_full.svg_-300x173.png 300w" sizes="(max-width: 600px) 100vw, 600px" /></a></figure>



<figure class="wp-block-image size-full is-resized"><a href="https://www.federation-wallonie-bruxelles.be/"><img loading="lazy" decoding="async" width="467" height="500" src="https://www.magrittemuseum.be/wp-content/uploads/2024/07/Federation-Wallonie-Bruxelles-logo-blanc.png" alt="" class="wp-image-5235" style="width:auto;height:75px" srcset="https://www.magrittemuseum.be/wp-content/uploads/2024/07/Federation-Wallonie-Bruxelles-logo-blanc.png 467w, https://www.magrittemuseum.be/wp-content/uploads/2024/07/Federation-Wallonie-Bruxelles-logo-blanc-280x300.png 280w" sizes="(max-width: 467px) 100vw, 467px" /></a></figure>



<figure class="wp-block-image size-full is-resized"><a href="https://www.vlaanderen.be/"><img loading="lazy" decoding="async" width="823" height="347" src="https://www.magrittemuseum.be/wp-content/uploads/2024/07/kisspng-vlaamse-overheid-flemish-brussels-herman-teirlinck-belgium-team-5b330fbc025205.1757609815300730200095.png" alt="" class="wp-image-5236" style="width:auto;height:75px" srcset="https://www.magrittemuseum.be/wp-content/uploads/2024/07/kisspng-vlaamse-overheid-flemish-brussels-herman-teirlinck-belgium-team-5b330fbc025205.1757609815300730200095.png 823w, https://www.magrittemuseum.be/wp-content/uploads/2024/07/kisspng-vlaamse-overheid-flemish-brussels-herman-teirlinck-belgium-team-5b330fbc025205.1757609815300730200095-300x126.png 300w, https://www.magrittemuseum.be/wp-content/uploads/2024/07/kisspng-vlaamse-overheid-flemish-brussels-herman-teirlinck-belgium-team-5b330fbc025205.1757609815300730200095-768x324.png 768w" sizes="(max-width: 823px) 100vw, 823px" /></a></figure>



<figure class="wp-block-image size-large is-resized"><a href="https://www.loterie-nationale.be/bien-plus-que-jouer/bonnes-causes"><img loading="lazy" decoding="async" width="1024" height="425" src="https://www.magrittemuseum.be/wp-content/uploads/2024/07/Logo_Loterie_Horizontal_SAFEZONE_BASELINE_FR_RGB-1024x425.png" alt="" class="wp-image-5238" style="width:auto;height:75px" srcset="https://www.magrittemuseum.be/wp-content/uploads/2024/07/Logo_Loterie_Horizontal_SAFEZONE_BASELINE_FR_RGB-1024x425.png 1024w, https://www.magrittemuseum.be/wp-content/uploads/2024/07/Logo_Loterie_Horizontal_SAFEZONE_BASELINE_FR_RGB-300x125.png 300w, https://www.magrittemuseum.be/wp-content/uploads/2024/07/Logo_Loterie_Horizontal_SAFEZONE_BASELINE_FR_RGB-768x319.png 768w, https://www.magrittemuseum.be/wp-content/uploads/2024/07/Logo_Loterie_Horizontal_SAFEZONE_BASELINE_FR_RGB-1536x638.png 1536w, https://www.magrittemuseum.be/wp-content/uploads/2024/07/Logo_Loterie_Horizontal_SAFEZONE_BASELINE_FR_RGB-2048x851.png 2048w, https://www.magrittemuseum.be/wp-content/uploads/2024/07/Logo_Loterie_Horizontal_SAFEZONE_BASELINE_FR_RGB-1260x523.png 1260w" sizes="(max-width: 1024px) 100vw, 1024px" /></a></figure>
</div>


<p style="text-align: left;"><strong>Nos partenaires promotionnels</strong></p>
<p><a href="https://www.brusselsmuseums.be/en/museums/rene-magritte-museum"><img loading="lazy" decoding="async" class="alignnone wp-image-4217" src="https://www.magrittemuseum.be/wp-content/uploads/2023/09/banner4-2-1024x109-1.png" alt="" width="63" height="75" /></a><a href="https://www.uitinvlaanderen.be/agenda/o/rene-magritte-museum-museum-voor-abstracte-kunst/89a56f3f-a918-40c6-9546-bb0327912c52"><img loading="lazy" decoding="async" class="alignnone wp-image-4223" src="https://www.magrittemuseum.be/wp-content/uploads/2023/09/5-1.png" alt="" width="148" height="75" /></a><a href="https://fr.tripadvisor.be/Attraction_Review-g950784-d245984-Reviews-Rene_Magritte_Museum_Museum_of_Abstract_Art-Jette_Brussels.html"><img loading="lazy" decoding="async" class="alignnone wp-image-4219" src="https://www.magrittemuseum.be/wp-content/uploads/2023/09/2.png" alt="" width="82" height="75" /></a><a href="https://www.visit.brussels/fr/visiteurs/venue-details.Musee-d-Art-Abstrait.274301"><img loading="lazy" decoding="async" class="alignnone wp-image-4221" src="https://www.magrittemuseum.be/wp-content/uploads/2023/09/4-300x96.png" alt="" width="188" height="60" srcset="https://www.magrittemuseum.be/wp-content/uploads/2023/09/4-300x96.png 300w, https://www.magrittemuseum.be/wp-content/uploads/2023/09/4.png 341w" sizes="(max-width: 188px) 100vw, 188px" /></a><a href="https://www.kayak.fr/Brussels.32869.guide"><img loading="lazy" decoding="async" class="alignnone wp-image-4220" src="https://www.magrittemuseum.be/wp-content/uploads/2023/09/3-300x101.png" alt="" width="178" height="60" srcset="https://www.magrittemuseum.be/wp-content/uploads/2023/09/3-300x101.png 300w, https://www.magrittemuseum.be/wp-content/uploads/2023/09/3.png 323w" sizes="(max-width: 178px) 100vw, 178px" /></a></p>
<p style="text-align: left;"><strong>Nos parrains mécènes</strong></p>
<p style="text-align: left;">Karsten De Clerck, Tony Mary, Filip Moeykens, Christophe Plumier, Eddy Van Gelder</p>
<p style="text-align: left;"><strong>Nos sponsors et généreux donateurs </strong></p>
<p style="text-align: left;"> <img loading="lazy" decoding="async" class="alignnone wp-image-1244" src="http://www.magrittemuseum.be/wp-content/uploads/2019/11/bosspaintsRR-1.png" alt="" width="193" height="50" srcset="https://www.magrittemuseum.be/wp-content/uploads/2019/11/bosspaintsRR-1.png 495w, https://www.magrittemuseum.be/wp-content/uploads/2019/11/bosspaintsRR-1-300x78.png 300w" sizes="(max-width: 193px) 100vw, 193px" /> <img loading="lazy" decoding="async" class="alignnone wp-image-1245" src="http://www.magrittemuseum.be/wp-content/uploads/2019/11/d-tral-logo-beveiliging-1.jpg" alt="" width="135" height="50" /> <img loading="lazy" decoding="async" class="alignnone wp-image-1246" src="http://www.magrittemuseum.be/wp-content/uploads/2019/11/logo_brioval-1.png" alt="" width="99" height="50" /> <img loading="lazy" decoding="async" class="alignnone wp-image-1247" src="http://www.magrittemuseum.be/wp-content/uploads/2019/11/logo_credimo-1.png" alt="" width="76" height="50" srcset="https://www.magrittemuseum.be/wp-content/uploads/2019/11/logo_credimo-1.png 440w, https://www.magrittemuseum.be/wp-content/uploads/2019/11/logo_credimo-1-300x196.png 300w" sizes="(max-width: 76px) 100vw, 76px" /> </p>
<p style="text-align: left;">Art Deco Society, Etienne Boumans, Dimitri Buytaert, Roland Damsin, Alexander Debreucker, Michel De Rouck, Jean Philip De Tender, Bas Dorren, Nicole et Guy Buytaert-Garitte, Sven Gatz, Isabelle Gerard, René Jeanmart, Immayer SA , K-Bridge, Frédéric Lambeau, Thomas Leysen, Maurice Meyer, Harold Nyssens, Chantal Noé, Indirah Osumba, Geert Robberechts, Emmanuel Roger France, Guy Vandebon, Michel Van der Eecken, Freddy van den Spiegel, Michèle Vandroogenbroeck, Johny Van Steen, VOKA, Léon Wuidar.</p>


<p></p>

<p>L&rsquo;ASBL Musée René Magritte et Musée d&rsquo;Art Abstrait tient à remercier : Nos institutions partenaires Nos partenaires promotionnels Nos parrains mécènes Karsten De Clerck, Tony Mary, Filip Moeykens, Christophe Plumier, Eddy Van Gelder Nos sponsors et généreux donateurs      Art Deco Society, Etienne Boumans, Dimitri Buytaert, Roland Damsin, Alexander Debreucker, Michel De Rouck, Jean &#8230; <a title="Parrains-Mécènes" class="read-more" href="https://www.magrittemuseum.be/index.php/fr/639-2/" aria-label="En savoir plus sur Parrains-Mécènes">Lire la suite</a></p>
