{"id":92,"date":"2018-07-03T15:04:32","date_gmt":"2018-07-03T13:04:32","guid":{"rendered":"http:\/\/magrittel.cluster014.ovh.net\/magrittemuseum.be\/?page_id=92"},"modified":"2026-04-11T17:41:20","modified_gmt":"2026-04-11T15:41:20","slug":"visites-guidees","status":"publish","type":"page","link":"https:\/\/www.magrittemuseum.be\/index.php\/fr\/visite\/visites-guidees\/","title":{"rendered":"Visites guid\u00e9es"},"content":{"rendered":"\n\n\n<div class=\"wp-block-media-text is-stacked-on-mobile\"><figure class=\"wp-block-media-text__media\"><img loading=\"lazy\" decoding=\"async\" width=\"1024\" height=\"1024\" src=\"https:\/\/www.magrittemuseum.be\/wp-content\/uploads\/2026\/04\/MG_8123FR-1024x1024.jpg\" alt=\"\" class=\"wp-image-6218 size-full\" srcset=\"https:\/\/www.magrittemuseum.be\/wp-content\/uploads\/2026\/04\/MG_8123FR-1024x1024.jpg 1024w, https:\/\/www.magrittemuseum.be\/wp-content\/uploads\/2026\/04\/MG_8123FR-300x300.jpg 300w, https:\/\/www.magrittemuseum.be\/wp-content\/uploads\/2026\/04\/MG_8123FR-150x150.jpg 150w, https:\/\/www.magrittemuseum.be\/wp-content\/uploads\/2026\/04\/MG_8123FR-768x768.jpg 768w, https:\/\/www.magrittemuseum.be\/wp-content\/uploads\/2026\/04\/MG_8123FR.jpg 1080w\" sizes=\"(max-width: 1024px) 100vw, 1024px\" \/><\/figure><div class=\"wp-block-media-text__content\">\n<p>Les murs du mus\u00e9e Ren\u00e9 Magritte sont le t\u00e9moin de faits surr\u00e9alistes, historiques et fictifs : la fronti\u00e8re entre le monde r\u00e9el et le monde imaginaire \u00e9tait tr\u00e8s poreuse dans la vie quotidienne du peintre. Nos guides font revivre l&rsquo;atmosph\u00e8re unique de l&rsquo;\u00e9poque o\u00f9 les surr\u00e9alistes constituaient une avant-garde tr\u00e8s dynamique \u00e0 Bruxelles.<\/p>\n\n\n\n<p>Sur demande, les guides du mus\u00e9e peuvent r\u00e9aliser des visites sur des aspects sp\u00e9cifiques de Magritte, du Surr\u00e9alisme belge, de la collection du mus\u00e9e et de nos expositions temporaires.<\/p>\n\n\n\n<p>Nos visites s&rsquo;adressent aux individuels, aux familles (enfants \u00e0 partir de 8 ans) ou aux groupes culturels. Afin de vivre cette exp\u00e9rience de la mani\u00e8re la plus authentique possible et pour pr\u00e9server la conservation du lieu, la taille des groupes est limit\u00e9e.<\/p>\n\n\n\n<p>Pour plus d&rsquo;informations, contactez-nous \u00e0 l&rsquo;adresse suivante:\u00a0<a href=\"mailto:reservation@magrittemuseum.be\">reservation@magrittemuseum.be\u00a0<\/a><\/p>\n<\/div><\/div>\n","protected":false},"excerpt":{"rendered":"<p>Les murs du mus\u00e9e Ren\u00e9 Magritte sont le t\u00e9moin de faits surr\u00e9alistes, historiques et fictifs : la fronti\u00e8re entre le monde r\u00e9el et le monde imaginaire \u00e9tait tr\u00e8s poreuse dans la vie quotidienne du peintre. Nos guides font revivre l&rsquo;atmosph\u00e8re unique de l&rsquo;\u00e9poque o\u00f9 les surr\u00e9alistes constituaient une avant-garde tr\u00e8s dynamique \u00e0 Bruxelles. Sur demande, &#8230; <a title=\"Visites guid\u00e9es\" class=\"read-more\" href=\"https:\/\/www.magrittemuseum.be\/index.php\/fr\/visite\/visites-guidees\/\" aria-label=\"En savoir plus sur Visites guid\u00e9es\">Lire la suite<\/a><\/p>\n","protected":false},"author":1,"featured_media":0,"parent":80,"menu_order":0,"comment_status":"closed","ping_status":"closed","template":"","meta":{"footnotes":""},"_links":{"self":[{"href":"https:\/\/www.magrittemuseum.be\/index.php\/wp-json\/wp\/v2\/pages\/92"}],"collection":[{"href":"https:\/\/www.magrittemuseum.be\/index.php\/wp-json\/wp\/v2\/pages"}],"about":[{"href":"https:\/\/www.magrittemuseum.be\/index.php\/wp-json\/wp\/v2\/types\/page"}],"author":[{"embeddable":true,"href":"https:\/\/www.magrittemuseum.be\/index.php\/wp-json\/wp\/v2\/users\/1"}],"replies":[{"embeddable":true,"href":"https:\/\/www.magrittemuseum.be\/index.php\/wp-json\/wp\/v2\/comments?post=92"}],"version-history":[{"count":24,"href":"https:\/\/www.magrittemuseum.be\/index.php\/wp-json\/wp\/v2\/pages\/92\/revisions"}],"predecessor-version":[{"id":6219,"href":"https:\/\/www.magrittemuseum.be\/index.php\/wp-json\/wp\/v2\/pages\/92\/revisions\/6219"}],"up":[{"embeddable":true,"href":"https:\/\/www.magrittemuseum.be\/index.php\/wp-json\/wp\/v2\/pages\/80"}],"wp:attachment":[{"href":"https:\/\/www.magrittemuseum.be\/index.php\/wp-json\/wp\/v2\/media?parent=92"}],"curies":[{"name":"wp","href":"https:\/\/api.w.org\/{rel}","templated":true}]}}